{"id":1123,"date":"2010-04-06T12:34:02","date_gmt":"2010-04-06T11:34:02","guid":{"rendered":"http:\/\/www.ce-illkirch.fr\/wordpress\/?page_id=1123"},"modified":"2024-01-11T15:51:25","modified_gmt":"2024-01-11T14:51:25","slug":"football","status":"publish","type":"page","link":"https:\/\/www.ce-illkirch.fr\/wordpress\/club_sportif\/football\/","title":{"rendered":"Football"},"content":{"rendered":"<p><a href=\"http:\/\/www.ce-illkirch.fr\/wordpress\/wp-content\/uploads\/Ballon_de_football.png\"><img loading=\"lazy\" decoding=\"async\" class=\"alignleft size-full wp-image-14357\" src=\"http:\/\/www.ce-illkirch.fr\/wordpress\/wp-content\/uploads\/Ballon_de_football.png\" alt=\"Ballon_de_football\" width=\"173\" height=\"173\" \/><\/a>Equipe de loisirs<\/p>\n<p>Les s\u00e9ances ont lieu toutes les deux semaines environ (sauf p\u00e9riodes des f\u00eates) au centre sportif Urban Soccer de Cronenbourg. Nous r\u00e9servons les terrains en amont par mail afin d\u2019en assurer la disponibilit\u00e9 et l&rsquo;acc\u00e8s facile \u00e0 tous les participants. Les coll\u00e8gues peuvent s&rsquo;inscrire \u00e0 chaque s\u00e9ance en fonction de leur disponibilit\u00e9 via un sondage propos\u00e9 \u00e9galement 1 semaine avant le match.<\/p>\n<p>Chaque s\u00e9ance comprend 1 match, avec des \u00e9quipes form\u00e9es de mani\u00e8re flexible \u00e0 chaque d\u00e9but de rencontre. Nous avons adopt\u00e9 un format plus d\u00e9contract\u00e9, permettant aux participants de s&rsquo;engager dans des parties amicales sans la pression d&rsquo;une comp\u00e9tition formelle.<\/p>\n<p>&nbsp;<\/p>\n<p>Pour de plus amples informations : Paul Gomes.<\/p>\n","protected":false},"excerpt":{"rendered":"<p>Equipe de loisirs Les s\u00e9ances ont lieu toutes les deux semaines environ (sauf p\u00e9riodes des f\u00eates) au centre sportif Urban Soccer de Cronenbourg. Nous r\u00e9servons les terrains en amont par [&hellip;]<\/p>\n","protected":false},"author":2,"featured_media":0,"parent":73,"menu_order":0,"comment_status":"open","ping_status":"closed","template":"","meta":{"footnotes":""},"class_list":["post-1123","page","type-page","status-publish","hentry"],"publishpress_future_action":{"enabled":false,"date":"2026-05-09 17:40:33","action":"change-status","newStatus":"draft","terms":[],"taxonomy":"category","extraData":[]},"publishpress_future_workflow_manual_trigger":{"enabledWorkflows":[]},"_links":{"self":[{"href":"https:\/\/www.ce-illkirch.fr\/wordpress\/wp-json\/wp\/v2\/pages\/1123","targetHints":{"allow":["GET"]}}],"collection":[{"href":"https:\/\/www.ce-illkirch.fr\/wordpress\/wp-json\/wp\/v2\/pages"}],"about":[{"href":"https:\/\/www.ce-illkirch.fr\/wordpress\/wp-json\/wp\/v2\/types\/page"}],"author":[{"embeddable":true,"href":"https:\/\/www.ce-illkirch.fr\/wordpress\/wp-json\/wp\/v2\/users\/2"}],"replies":[{"embeddable":true,"href":"https:\/\/www.ce-illkirch.fr\/wordpress\/wp-json\/wp\/v2\/comments?post=1123"}],"version-history":[{"count":3,"href":"https:\/\/www.ce-illkirch.fr\/wordpress\/wp-json\/wp\/v2\/pages\/1123\/revisions"}],"predecessor-version":[{"id":34477,"href":"https:\/\/www.ce-illkirch.fr\/wordpress\/wp-json\/wp\/v2\/pages\/1123\/revisions\/34477"}],"up":[{"embeddable":true,"href":"https:\/\/www.ce-illkirch.fr\/wordpress\/wp-json\/wp\/v2\/pages\/73"}],"wp:attachment":[{"href":"https:\/\/www.ce-illkirch.fr\/wordpress\/wp-json\/wp\/v2\/media?parent=1123"}],"curies":[{"name":"wp","href":"https:\/\/api.w.org\/{rel}","templated":true}]}}