{"id":11366,"date":"2014-02-20T08:55:48","date_gmt":"2014-02-20T07:55:48","guid":{"rendered":"http:\/\/www.ce-illkirch.fr\/wordpress\/?page_id=11366"},"modified":"2026-05-06T10:41:00","modified_gmt":"2026-05-06T08:41:00","slug":"forum-colos","status":"publish","type":"page","link":"https:\/\/www.ce-illkirch.fr\/wordpress\/activites-enfants\/forum-colos\/","title":{"rendered":"Colonies"},"content":{"rendered":"<p><strong><a href=\"http:\/\/www.ce-illkirch.fr\/wordpress\/wp-content\/uploads\/6a010534a85cc1970b01901b978e95970b.jpg\"><img loading=\"lazy\" decoding=\"async\" class=\"alignleft size-full wp-image-11355\" src=\"http:\/\/www.ce-illkirch.fr\/wordpress\/wp-content\/uploads\/6a010534a85cc1970b01901b978e95970b.jpg\" alt=\"6a010534a85cc1970b01901b978e95970b\" width=\"181\" height=\"135\" \/><\/a><\/strong><\/p>\n<p>Quelques catalogues disponibles au CSE.<\/p>\n<p>&nbsp;<\/p>\n<p><span style=\"text-decoration: underline;\"><strong>Partenaires Colos<\/strong><\/span><strong> :<\/strong><strong><br \/>\n<\/strong><\/p>\n<p><a href=\"https:\/\/www.action-sejours.com\/index.php?ce=alcatel ent&amp;pwd=1f6625\" target=\"_blank\" rel=\"noopener\">ACTION SEJOURS<\/a> <span style=\"color: #003300;\">-5% \u00ab\u00a0du sport et des langues\u00a0\u00bb, la formule id\u00e9ale ! <a href=\"http:\/\/www.ce-illkirch.fr\/wordpress\/wp-content\/uploads\/actionsejourstarifsCE.pdf\" target=\"_blank\" rel=\"noopener\">Tarifs<\/a><br \/>\n<\/span><\/p>\n<p><a href=\"http:\/\/www.coloalterego.org\/\" target=\"_blank\" rel=\"noopener\">ALTEREGO<\/a><\/p>\n<p><a href=\"https:\/\/www.aroeven.fr\/\" target=\"_blank\" rel=\"noopener\">AROEVEN<\/a> &#8211; r\u00e9ductions sur certains s\u00e9jours. r\u00e9duction carte c\u00e9zam formation BAFA.<\/p>\n<p><a href=\"http:\/\/sejours-atl.fr\/\" target=\"_blank\" rel=\"noopener\">ATL<\/a> &#8211; 5% sur les prix des s\u00e9jours hors options, acheminements, transferts et assurance. Pas de frais de dossier<\/p>\n<p><a href=\"https:\/\/strasbourgamitiesusa.com\/\">Association Amiti\u00e9 Strasbourg USA<\/a> : s\u00e9jours linguistiques pour les jeunes de 14 \u00e0 17 ans.<\/p>\n<p><a href=\"https:\/\/centre-belair.fr\/\" target=\"_blank\" rel=\"noopener\">Centre Bel Air : <\/a>-5% de remise avec le code \u00ab\u00a0Alcatel\u00a0\u00bb<\/p>\n<p><a href=\"http:\/\/www.combe-abondance.com\/\" target=\"_blank\" rel=\"noopener\">Combe d&rsquo;Abondance<\/a><\/p>\n<p><a href=\"http:\/\/www.ef.com.fr\/CE-ALCATEL\" target=\"_blank\" rel=\"noopener\">EF<\/a> Centres internationaux de langues 10% de remise sur les frais de s\u00e9jours (le prix indiqu\u00e9 dans la brochure) &amp; 5% de remise pour les programmes longues dur\u00e9e (6 mois et plus)<\/p>\n<p><a href=\"http:\/\/www.jeunesse-protestante.fr\/\" target=\"_blank\" rel=\"noopener\">EUL<\/a><\/p>\n<p><a href=\"https:\/\/lafermedaulot.fr\/\" target=\"_blank\" rel=\"noopener\">La ferme d&rsquo;AULOT<\/a><\/p>\n<p><a href=\"https:\/\/maisondelanature.muttersholtz.fr\/\" target=\"_blank\" rel=\"noopener\">Maison de la nature et du Ried<\/a> &#8211; r\u00e9duction carte C\u00e9zam 5% sur le 1er enfant &#8211; 7% sur le second enfant<\/p>\n<p><a href=\"https:\/\/www.pep-attitude.fr\/sejours-enfants-adolescents\/\">PEP<\/a> r\u00e9duction carte C\u00e9zam 3% (s\u00e9jours hors transport)<\/p>\n<p><a href=\"https:\/\/www.telligo.fr\/\">TELLIGO<\/a><\/p>\n<p><a href=\"http:\/\/www.ucpa-vacances.com\/?gclid=CLX8i7uc2rwCFWkB4god4F0APw\" target=\"_blank\" rel=\"noopener\">UCPA<\/a> remise 5% &#8211; Code LEI8<\/p>\n<p><a href=\"http:\/\/www.ufcv.fr\/\" target=\"_blank\" rel=\"noopener\">UFCV<\/a><\/p>\n<p><a href=\"http:\/\/www.vacances-pour-tous.org\/vv\/af\/pages\/vpt\/default.aspx\" target=\"_blank\" rel=\"noopener\">Vacances Pour Tous<\/a> -5% hors transport &#8211; code CSE : ALCATEL671 &#8211; t\u00e9l 03.90.40.63.70. ou par mail vacances@laligue67.org<\/p>\n<p>\u00ab\u00a0<a href=\"http:\/\/www.vitacolo.fr\">Association Vitacolo<\/a>, les colos \u00e0 projet pour les jeunes de 4 \u00e0 17 ans. 5 % de r\u00e9duction accord\u00e9s en indiquant \u00ab\u00a0CEALE2018\u00a0\u00bb sur le <a href=\"http:\/\/www.vitacolo.fr\/\">site internet<\/a>, \u00e0 la r\u00e9servation. Des s\u00e9jours \u00e0 Obernai ! \u00ab\u00a0<\/p>\n","protected":false},"excerpt":{"rendered":"<p>Quelques catalogues disponibles au CSE. &nbsp; Partenaires Colos : ACTION SEJOURS -5% \u00ab\u00a0du sport et des langues\u00a0\u00bb, la formule id\u00e9ale ! Tarifs ALTEREGO AROEVEN &#8211; r\u00e9ductions sur certains s\u00e9jours. r\u00e9duction [&hellip;]<\/p>\n","protected":false},"author":2,"featured_media":0,"parent":53,"menu_order":1,"comment_status":"open","ping_status":"closed","template":"","meta":{"footnotes":""},"class_list":["post-11366","page","type-page","status-publish","hentry"],"publishpress_future_action":{"enabled":false,"date":"2026-05-13 13:58:23","action":"change-status","newStatus":"draft","terms":[],"taxonomy":"category","extraData":[]},"publishpress_future_workflow_manual_trigger":{"enabledWorkflows":[]},"_links":{"self":[{"href":"https:\/\/www.ce-illkirch.fr\/wordpress\/wp-json\/wp\/v2\/pages\/11366","targetHints":{"allow":["GET"]}}],"collection":[{"href":"https:\/\/www.ce-illkirch.fr\/wordpress\/wp-json\/wp\/v2\/pages"}],"about":[{"href":"https:\/\/www.ce-illkirch.fr\/wordpress\/wp-json\/wp\/v2\/types\/page"}],"author":[{"embeddable":true,"href":"https:\/\/www.ce-illkirch.fr\/wordpress\/wp-json\/wp\/v2\/users\/2"}],"replies":[{"embeddable":true,"href":"https:\/\/www.ce-illkirch.fr\/wordpress\/wp-json\/wp\/v2\/comments?post=11366"}],"version-history":[{"count":22,"href":"https:\/\/www.ce-illkirch.fr\/wordpress\/wp-json\/wp\/v2\/pages\/11366\/revisions"}],"predecessor-version":[{"id":39459,"href":"https:\/\/www.ce-illkirch.fr\/wordpress\/wp-json\/wp\/v2\/pages\/11366\/revisions\/39459"}],"up":[{"embeddable":true,"href":"https:\/\/www.ce-illkirch.fr\/wordpress\/wp-json\/wp\/v2\/pages\/53"}],"wp:attachment":[{"href":"https:\/\/www.ce-illkirch.fr\/wordpress\/wp-json\/wp\/v2\/media?parent=11366"}],"curies":[{"name":"wp","href":"https:\/\/api.w.org\/{rel}","templated":true}]}}