{"id":1462,"date":"2010-04-28T15:06:20","date_gmt":"2010-04-28T14:06:20","guid":{"rendered":"http:\/\/www.ce-illkirch.fr\/wordpress\/?page_id=1462"},"modified":"2025-06-18T09:58:03","modified_gmt":"2025-06-18T07:58:03","slug":"transport-en-commun","status":"publish","type":"page","link":"https:\/\/www.ce-illkirch.fr\/wordpress\/transport\/transport-en-commun\/","title":{"rendered":"Transport en Commun"},"content":{"rendered":"<ul>\r\n<li><strong>Prise en charge \u00e0 50% par l&#8217;employeur des frais de transports publics<\/strong> pour les trajets r\u00e9sidence-lieu de travail. Depuis le 1er janvier 2009, l&rsquo;entreprise prend en charge le compl\u00e9ment de la prime de transport \u00e0 concurrence de 50% des frais d&rsquo;abonnement engag\u00e9s. Il suffit d&rsquo;en faire la demande et de produire les justificatifs demand\u00e9s.<\/li>\r\n<\/ul>\r\n<p>Le remboursement peut \u00e9galement concerner l&rsquo;abonnement \u00e0 un service de location de v\u00e9lo de type VelHop.<\/p>\r\n<p><a href=\"http:\/\/www.ce-illkirch.fr\/wordpress\/wp-content\/uploads\/ale_nstransport.pdf\" target=\"_blank\" rel=\"noopener\">Note de Service 02\/2009 Alcatel<\/a><\/p>\r\n<p><a href=\"http:\/\/www.ce-illkirch.fr\/wordpress\/wp-content\/uploads\/ale_i_rh_attestation_prise_en_charge_frais_transport-1.doc\" target=\"_blank\" rel=\"noopener\">Attestation<\/a><\/p>\r\n<ul>\r\n<li>Carte Fluo\u00a0<br \/>\r\n<h1 class=\"entry-title\">Subvention cartes SNCF Grand Est &amp; Avantage : -33%<\/h1>\r\n<p>&nbsp;<\/p>\r\n<\/li>\r\n<li><a href=\"http:\/\/www.ce-illkirch.fr\/wordpress\/wp-content\/uploads\/ale_nstransport.pdf\" target=\"_blank\" rel=\"noopener\"><img loading=\"lazy\" decoding=\"async\" class=\"size-medium wp-image-30628 alignnone\" src=\"https:\/\/www.ce-illkirch.fr\/wordpress\/wp-content\/uploads\/2022\/06\/Capturefluo-300x149.png\" alt=\"\" width=\"300\" height=\"149\" srcset=\"https:\/\/www.ce-illkirch.fr\/wordpress\/wp-content\/uploads\/2022\/06\/Capturefluo-300x149.png 300w, https:\/\/www.ce-illkirch.fr\/wordpress\/wp-content\/uploads\/2022\/06\/Capturefluo-1024x509.png 1024w, https:\/\/www.ce-illkirch.fr\/wordpress\/wp-content\/uploads\/2022\/06\/Capturefluo-768x382.png 768w, https:\/\/www.ce-illkirch.fr\/wordpress\/wp-content\/uploads\/2022\/06\/Capturefluo-1536x764.png 1536w, https:\/\/www.ce-illkirch.fr\/wordpress\/wp-content\/uploads\/2022\/06\/Capturefluo-110x55.png 110w, https:\/\/www.ce-illkirch.fr\/wordpress\/wp-content\/uploads\/2022\/06\/Capturefluo-420x209.png 420w, https:\/\/www.ce-illkirch.fr\/wordpress\/wp-content\/uploads\/2022\/06\/Capturefluo-770x383.png 770w, https:\/\/www.ce-illkirch.fr\/wordpress\/wp-content\/uploads\/2022\/06\/Capturefluo.png 1549w\" sizes=\"auto, (max-width: 300px) 100vw, 300px\" \/><\/a><strong><a href=\"https:\/\/www.ter.sncf.com\/grand-est\/tarifs-cartes\/cartes-reduction\/carte-fluo\">Carte Fluo : trajets TER<\/a><\/strong><\/li>\r\n<\/ul>\r\n<p>&nbsp;<\/p>\r\n<div class=\"entry-content\">\r\n<ul>\r\n<li><strong><img loading=\"lazy\" decoding=\"async\" class=\"alignnone wp-image-28806\" src=\"https:\/\/www.ce-illkirch.fr\/wordpress\/wp-content\/uploads\/sncfCapture-300x158.png\" alt=\"\" width=\"211\" height=\"111\" srcset=\"https:\/\/www.ce-illkirch.fr\/wordpress\/wp-content\/uploads\/sncfCapture-300x158.png 300w, https:\/\/www.ce-illkirch.fr\/wordpress\/wp-content\/uploads\/sncfCapture-768x404.png 768w, https:\/\/www.ce-illkirch.fr\/wordpress\/wp-content\/uploads\/sncfCapture-1024x538.png 1024w, https:\/\/www.ce-illkirch.fr\/wordpress\/wp-content\/uploads\/sncfCapture-110x58.png 110w, https:\/\/www.ce-illkirch.fr\/wordpress\/wp-content\/uploads\/sncfCapture-420x221.png 420w, https:\/\/www.ce-illkirch.fr\/wordpress\/wp-content\/uploads\/sncfCapture-770x405.png 770w, https:\/\/www.ce-illkirch.fr\/wordpress\/wp-content\/uploads\/sncfCapture.png 1282w\" sizes=\"auto, (max-width: 211px) 100vw, 211px\" \/><\/strong>Le CSE vous rembourse <strong>33%<\/strong> sur l\u2019achat des cartes de r\u00e9duction SNCF nationales et r\u00e9gionales (TER) :<\/li>\r\n<\/ul>\r\n<p><strong>Cartes Adulte, S\u00e9nior ou Jeune \u00e0 49 \u20ac<\/strong> : 30% de r\u00e9duction sur les billets <strong>d\u00e9tails<\/strong><\/p>\r\n<\/div>\r\n\r\n<p>&nbsp;<\/p>\r\n","protected":false},"excerpt":{"rendered":"<p>Prise en charge \u00e0 50% par l&#8217;employeur des frais de transports publics pour les trajets r\u00e9sidence-lieu de travail. Depuis le 1er janvier 2009, l&rsquo;entreprise prend en charge le compl\u00e9ment de [&hellip;]<\/p>\n","protected":false},"author":2,"featured_media":0,"parent":579,"menu_order":3,"comment_status":"open","ping_status":"open","template":"","meta":{"footnotes":""},"class_list":["post-1462","page","type-page","status-publish","hentry"],"publishpress_future_action":{"enabled":false,"date":"2026-05-08 20:28:12","action":"change-status","newStatus":"draft","terms":[],"taxonomy":"category","extraData":[]},"publishpress_future_workflow_manual_trigger":{"enabledWorkflows":[]},"_links":{"self":[{"href":"https:\/\/www.ce-illkirch.fr\/wordpress\/wp-json\/wp\/v2\/pages\/1462","targetHints":{"allow":["GET"]}}],"collection":[{"href":"https:\/\/www.ce-illkirch.fr\/wordpress\/wp-json\/wp\/v2\/pages"}],"about":[{"href":"https:\/\/www.ce-illkirch.fr\/wordpress\/wp-json\/wp\/v2\/types\/page"}],"author":[{"embeddable":true,"href":"https:\/\/www.ce-illkirch.fr\/wordpress\/wp-json\/wp\/v2\/users\/2"}],"replies":[{"embeddable":true,"href":"https:\/\/www.ce-illkirch.fr\/wordpress\/wp-json\/wp\/v2\/comments?post=1462"}],"version-history":[{"count":9,"href":"https:\/\/www.ce-illkirch.fr\/wordpress\/wp-json\/wp\/v2\/pages\/1462\/revisions"}],"predecessor-version":[{"id":37561,"href":"https:\/\/www.ce-illkirch.fr\/wordpress\/wp-json\/wp\/v2\/pages\/1462\/revisions\/37561"}],"up":[{"embeddable":true,"href":"https:\/\/www.ce-illkirch.fr\/wordpress\/wp-json\/wp\/v2\/pages\/579"}],"wp:attachment":[{"href":"https:\/\/www.ce-illkirch.fr\/wordpress\/wp-json\/wp\/v2\/media?parent=1462"}],"curies":[{"name":"wp","href":"https:\/\/api.w.org\/{rel}","templated":true}]}}

<ul>
<li><strong>Prise en charge à 50% par l&#8217;employeur des frais de transports publics</strong> pour les trajets résidence-lieu de travail. Depuis le 1er janvier 2009, l&rsquo;entreprise prend en charge le complément de la prime de transport à concurrence de 50% des frais d&rsquo;abonnement engagés. Il suffit d&rsquo;en faire la demande et de produire les justificatifs demandés.</li>
</ul>
<p>Le remboursement peut également concerner l&rsquo;abonnement à un service de location de vélo de type VelHop.</p>
<p><a href="http://www.ce-illkirch.fr/wordpress/wp-content/uploads/ale_nstransport.pdf" target="_blank" rel="noopener">Note de Service 02/2009 Alcatel</a></p>
<p><a href="http://www.ce-illkirch.fr/wordpress/wp-content/uploads/ale_i_rh_attestation_prise_en_charge_frais_transport-1.doc" target="_blank" rel="noopener">Attestation</a></p>
<ul>
<li>Carte Fluo <br />
<h1 class="entry-title">Subvention cartes SNCF Grand Est &amp; Avantage : -33%</h1>
<p>&nbsp;</p>
</li>
<li><a href="http://www.ce-illkirch.fr/wordpress/wp-content/uploads/ale_nstransport.pdf" target="_blank" rel="noopener"><img loading="lazy" decoding="async" class="size-medium wp-image-30628 alignnone" src="https://www.ce-illkirch.fr/wordpress/wp-content/uploads/2022/06/Capturefluo-300x149.png" alt="" width="300" height="149" srcset="https://www.ce-illkirch.fr/wordpress/wp-content/uploads/2022/06/Capturefluo-300x149.png 300w, https://www.ce-illkirch.fr/wordpress/wp-content/uploads/2022/06/Capturefluo-1024x509.png 1024w, https://www.ce-illkirch.fr/wordpress/wp-content/uploads/2022/06/Capturefluo-768x382.png 768w, https://www.ce-illkirch.fr/wordpress/wp-content/uploads/2022/06/Capturefluo-1536x764.png 1536w, https://www.ce-illkirch.fr/wordpress/wp-content/uploads/2022/06/Capturefluo-110x55.png 110w, https://www.ce-illkirch.fr/wordpress/wp-content/uploads/2022/06/Capturefluo-420x209.png 420w, https://www.ce-illkirch.fr/wordpress/wp-content/uploads/2022/06/Capturefluo-770x383.png 770w, https://www.ce-illkirch.fr/wordpress/wp-content/uploads/2022/06/Capturefluo.png 1549w" sizes="auto, (max-width: 300px) 100vw, 300px" /></a><strong><a href="https://www.ter.sncf.com/grand-est/tarifs-cartes/cartes-reduction/carte-fluo">Carte Fluo : trajets TER</a></strong></li>
</ul>
<p>&nbsp;</p>
<div class="entry-content">
<ul>
<li><strong><img loading="lazy" decoding="async" class="alignnone wp-image-28806" src="https://www.ce-illkirch.fr/wordpress/wp-content/uploads/sncfCapture-300x158.png" alt="" width="211" height="111" srcset="https://www.ce-illkirch.fr/wordpress/wp-content/uploads/sncfCapture-300x158.png 300w, https://www.ce-illkirch.fr/wordpress/wp-content/uploads/sncfCapture-768x404.png 768w, https://www.ce-illkirch.fr/wordpress/wp-content/uploads/sncfCapture-1024x538.png 1024w, https://www.ce-illkirch.fr/wordpress/wp-content/uploads/sncfCapture-110x58.png 110w, https://www.ce-illkirch.fr/wordpress/wp-content/uploads/sncfCapture-420x221.png 420w, https://www.ce-illkirch.fr/wordpress/wp-content/uploads/sncfCapture-770x405.png 770w, https://www.ce-illkirch.fr/wordpress/wp-content/uploads/sncfCapture.png 1282w" sizes="auto, (max-width: 211px) 100vw, 211px" /></strong>Le CSE vous rembourse <strong>33%</strong> sur l’achat des cartes de réduction SNCF nationales et régionales (TER) :</li>
</ul>
<p><strong>Cartes Adulte, Sénior ou Jeune à 49 €</strong> : 30% de réduction sur les billets <strong>détails</strong></p>
</div>

<p>&nbsp;</p>

<p>Prise en charge à 50% par l&#8217;employeur des frais de transports publics pour les trajets résidence-lieu de travail. Depuis le 1er janvier 2009, l&rsquo;entreprise prend en charge le complément de [&hellip;]</p>
