{"id":152,"date":"2010-02-01T15:04:16","date_gmt":"2010-02-01T14:04:16","guid":{"rendered":"http:\/\/www.ce-illkirch.fr\/wordpress\/?page_id=152"},"modified":"2023-12-07T14:33:56","modified_gmt":"2023-12-07T13:33:56","slug":"offres-commerciales-2","status":"publish","type":"page","link":"https:\/\/www.ce-illkirch.fr\/wordpress\/offres-commerciales-2\/","title":{"rendered":"Offres commerciales"},"content":{"rendered":"<p>Le C.E. a n\u00e9goci\u00e9 des remises aupr\u00e8s de divers revendeurs pour le personnel Alcatel. Les r\u00e9ductions sont appliqu\u00e9es sur pr\u00e9sentation du badge Alcatel.<\/p>\n<p>Vous avez des suggestions de partenariats ou des remarques, signalez-les au CE. N&rsquo;oubliez pas le <a href=\"https:\/\/www.annonces.ce-illkirch.fr\/\">site des petites annonces<\/a> du CSE.<\/p>\n<p>Avec votre <span style=\"color: #ff00ff;\"><strong>carte C\u00e9zam<\/strong> <\/span>vous avez \u00e9galement des tarifs pr\u00e9f\u00e9rentiels dans des magasins : Rendez-vous <a href=\"https:\/\/www.cezam-grandest.fr\/default.asp?mode=partenaires-cezam&amp;rubrique=carte-cezam&amp;region=1\" target=\"_blank\" rel=\"noopener\">sur le site internet C\u00e9zam Grand Est.<\/a><\/p>\n<p>Rubriques :<\/p>\n<ul>\n<li><a href=\"https:\/\/www.ce-illkirch.fr\/wordpress\/offres-commerciales-2\/aide_dom\/\">Aide \u00e0 domicile, soutien scolaire, animaux<\/a><\/li>\n<li><a href=\"https:\/\/www.ce-illkirch.fr\/wordpress\/offres-commerciales-2\/alimentaire\/\">Alimentaire<\/a><\/li>\n<li><a href=\"https:\/\/www.ce-illkirch.fr\/wordpress\/offres-commerciales-2\/automobile\/\">Automobile<\/a><\/li>\n<li><a href=\"https:\/\/www.ce-illkirch.fr\/wordpress\/offres-commerciales-2\/beaute\/\">Beaut\u00e9 \/ Sant\u00e9<\/a><\/li>\n<li><a href=\"https:\/\/www.ce-illkirch.fr\/wordpress\/offres-commerciales-2\/bricolage\/\">Bricolage \/ Maison<\/a><\/li>\n<li><a href=\"https:\/\/www.ce-illkirch.fr\/wordpress\/offres-commerciales-2\/electromenager-informatique\/\">Electrom\u00e9nager \/ Informatique<\/a><\/li>\n<li><a href=\"https:\/\/www.ce-illkirch.fr\/wordpress\/offres-commerciales-2\/loisirs-cadeaux\/\">Loisirs &#8211; Cadeaux<\/a><\/li>\n<li><a href=\"https:\/\/www.ce-illkirch.fr\/wordpress\/offres-commerciales-2\/abonnements-magazines\/\">Magazines<\/a><\/li>\n<li><a href=\"https:\/\/www.ce-illkirch.fr\/wordpress\/offres-commerciales-2\/nos-salaries-ont-du-talent\/\">Nos salari\u00e9s ont du talent<\/a><\/li>\n<li><a href=\"https:\/\/www.ce-illkirch.fr\/wordpress\/offres-commerciales-2\/sport\/\">Sport \/ v\u00e9lo<\/a><\/li>\n<li><a href=\"https:\/\/www.ce-illkirch.fr\/wordpress\/offres-commerciales-2\/vacances\/\">Vacances<\/a><\/li>\n<\/ul>\n<p>&nbsp;<\/p>\n","protected":false},"excerpt":{"rendered":"<p>Le C.E. a n\u00e9goci\u00e9 des remises aupr\u00e8s de divers revendeurs pour le personnel Alcatel. Les r\u00e9ductions sont appliqu\u00e9es sur pr\u00e9sentation du badge Alcatel. Vous avez des suggestions de partenariats ou [&hellip;]<\/p>\n","protected":false},"author":2,"featured_media":0,"parent":0,"menu_order":10,"comment_status":"closed","ping_status":"closed","template":"","meta":{"footnotes":""},"class_list":["post-152","page","type-page","status-publish","hentry"],"publishpress_future_action":{"enabled":false,"date":"2026-05-17 14:29:16","action":"change-status","newStatus":"draft","terms":[],"taxonomy":"category","extraData":[]},"publishpress_future_workflow_manual_trigger":{"enabledWorkflows":[]},"_links":{"self":[{"href":"https:\/\/www.ce-illkirch.fr\/wordpress\/wp-json\/wp\/v2\/pages\/152","targetHints":{"allow":["GET"]}}],"collection":[{"href":"https:\/\/www.ce-illkirch.fr\/wordpress\/wp-json\/wp\/v2\/pages"}],"about":[{"href":"https:\/\/www.ce-illkirch.fr\/wordpress\/wp-json\/wp\/v2\/types\/page"}],"author":[{"embeddable":true,"href":"https:\/\/www.ce-illkirch.fr\/wordpress\/wp-json\/wp\/v2\/users\/2"}],"replies":[{"embeddable":true,"href":"https:\/\/www.ce-illkirch.fr\/wordpress\/wp-json\/wp\/v2\/comments?post=152"}],"version-history":[{"count":7,"href":"https:\/\/www.ce-illkirch.fr\/wordpress\/wp-json\/wp\/v2\/pages\/152\/revisions"}],"predecessor-version":[{"id":34325,"href":"https:\/\/www.ce-illkirch.fr\/wordpress\/wp-json\/wp\/v2\/pages\/152\/revisions\/34325"}],"wp:attachment":[{"href":"https:\/\/www.ce-illkirch.fr\/wordpress\/wp-json\/wp\/v2\/media?parent=152"}],"curies":[{"name":"wp","href":"https:\/\/api.w.org\/{rel}","templated":true}]}}