{"id":1561,"date":"2010-05-03T14:38:56","date_gmt":"2010-05-03T13:38:56","guid":{"rendered":"http:\/\/www.ce-illkirch.fr\/wordpress\/?page_id=1561"},"modified":"2026-04-14T11:29:05","modified_gmt":"2026-04-14T09:29:05","slug":"bricolage","status":"publish","type":"page","link":"https:\/\/www.ce-illkirch.fr\/wordpress\/offres-commerciales-2\/bricolage\/","title":{"rendered":"Brico \/ Maison"},"content":{"rendered":"<p><strong>B<\/strong><strong>RICOLAGE<\/strong><strong> &#8211; <\/strong><strong>ENERGIE<\/strong><strong> &#8211; <\/strong><strong>MAISON<\/strong><\/p>\n<ul>\n<li><strong>Creativ&rsquo;Concept<\/strong> &#8211; Soci\u00e9t\u00e9 de R\u00e9novation Immobil\u00e8re &#8211; -10% pour les salari\u00e9s ALE-Nokia &#8211; 06.36.17.18.75 &#8211; Un interlocuteur unique pour vos travaux int\u00e9rieurs et ext\u00e9rieurs &#8211; <a href=\"https:\/\/www.ce-illkirch.fr\/wordpress\/wp-content\/uploads\/2025\/05\/creativ_concept.pdf\">Flyer<\/a><\/li>\n<li><a href=\"https:\/\/www.jcm.fr\/\"><strong>JCM Toitures<\/strong><\/a> : 03 88 40 39 52 &#8211; Entreprise familiale qualifi\u00e9e, certifi\u00e9e installateur Expert de fen\u00eatres de toit VELUX Devis gratuit &#8211; Conseils personnalis\u00e9s et adapt\u00e9s \u00e0 votre projet. www.jcm.fr. Remise sur pr\u00e9sentation du badge ALE lors du rendez-vous de chantier. <a href=\"https:\/\/www.ce-illkirch.fr\/wordpress\/wp-content\/uploads\/2024\/12\/JCMTOITURES.pdf\">Doc<\/a><\/li>\n<li><strong>LOUEURS DE FRANCE BTP<\/strong> : 6 rue du Doubs &#8211; STRASBOURG &#8211; Tel :\u00a003.88.79.25.25 &#8211; Offre :\u00a010% sur le tarif public<\/li>\n<li>\u00a0<strong>KILOUTOU <\/strong>&#8211;\u00a0Lampertheim &amp; Plaine des Bouchers &#8211; Offre :\u00a0remise 15 %<\/li>\n<li>3. <strong>LOCAREST<\/strong> &#8211; 8 rue du Commerce FEGERSHEIM 03.88.64.26.32 : tarifs r\u00e9duits sur la location de mat\u00e9riel et d&rsquo;outillage.<\/li>\n<li>\u00a0<strong>Alsace Fioul Services : <\/strong>0810.19.19.19 &#8211; environ -6 % &#8211; se renseigner par t\u00e9l\u00e9phone du tarif actuel.<\/li>\n<\/ul>\n<ul>\n<li><strong>Bollor\u00e9 Energie : <\/strong>03.88.60.01.28 &#8211; se renseigner par t\u00e9l\u00e9phone du tarif actuel.<\/li>\n<li>\u00a0<strong>Maurice Clavel &#8211; <\/strong>13 rue des Pr\u00e8s \u00e0 Illkirch 03.88.65.06.67 &#8211; Petits travaux &#8211; visite de pr\u00e9sentation gratuite.<\/li>\n<li><a href=\"http:\/\/www.robindestoits.com\" target=\"_blank\" rel=\"noopener\"><strong>Robin des Toits &#8211;\u00a0<\/strong><\/a>5 rue du Faubourg de Pierre 67000 STRASBOURG &#8211; Agence immobili\u00e8re engag\u00e9e.Diagnostics immobiliers offerts en cas de vente<\/li>\n<li><strong>CAFPI<\/strong> : <a href=\"http:\/\/www.ce-illkirch.fr\/wordpress\/wp-content\/uploads\/Pr\u00e9sentation_CAFPI_CE.pdf\" target=\"_blank\" rel=\"noopener\">Pr\u00e9sentation <\/a>&#8211; 03.83.37.20.20<\/li>\n<\/ul>\n<p>&#8211; 250 \u20ac de remise sur le calcul des honoraires. Le n\u00b01 des courtiers en pr\u00eats immobiliers a ouvert une cellule destin\u00e9e aux comit\u00e9s d\u2019entreprises et comit\u00e9s d\u2019action sociale, avec une offre globale de solutions de financement\u00a0: acquisitions, travaux, regroupements de cr\u00e9dits, assurances emprunteurs \u2026<\/p>\n<ul>\n<li><a href=\"http:\/\/www.ce-illkirch.fr\/wordpress\/wp-content\/uploads\/jfgFOURFC501.jpg\"><img loading=\"lazy\" decoding=\"async\" class=\"alignleft size-full wp-image-4786\" title=\"jfgFOURFC50\" src=\"http:\/\/www.ce-illkirch.fr\/wordpress\/wp-content\/uploads\/jfgFOURFC501.jpg\" alt=\"\" width=\"23\" height=\"85\" \/><\/a><strong>Fours \u00e0 tartes flamb\u00e9es <a href=\"https:\/\/www.jfg-international.com\" target=\"_blank\" rel=\"noopener\">JFG International<\/a><\/strong><\/li>\n<\/ul>\n<p>Duppigheim &#8211; 03.88.48.21.53\u00a0 <a href=\"http:\/\/www.ce-illkirch.fr\/wordpress\/wp-content\/uploads\/JFGCataloguefour.pdf\" target=\"_blank\" rel=\"noopener\">Produits<\/a> &#8211; <a href=\"http:\/\/www.ce-illkirch.fr\/wordpress\/wp-content\/uploads\/JFGTarifCE.pdf\" target=\"_blank\" rel=\"noopener\">Tarifs<\/a><\/p>\n<ul>\n<li><a href=\"http:\/\/www.ce-illkirch.fr\/wordpress\/wp-content\/uploads\/jfgCatalogue-Riviera-Bar-CE.pdf\" target=\"_blank\" rel=\"noopener\">Produits Riviera et Bar<\/a>, les r\u00e9ductions varient entre 10 et 15% selon la gamme du produit.<\/li>\n<\/ul>\n<p>Tarifs CE avec le badge Alcatel.<\/p>\n<ul>\n<li>\u00a0<a href=\"http:\/\/fr-fr.facebook.com\/pages\/Grand-Espace-Cuisine-Alno\/295271550582620\" target=\"_blank\" rel=\"noopener\"><strong>Grand Espace Cuisine ALNO<\/strong><\/a><\/li>\n<\/ul>\n<p>4 rue du Commerce- Zone commerciale de Vendenheim.<\/p>\n<p>Sur pr\u00e9sentation du badge,\u00a0<a href=\"http:\/\/www.ce-illkirch.fr\/wordpress\/wp-content\/uploads\/ALCATEL-LUCENT.pdf\" target=\"_blank\" rel=\"noopener\">10% de remise<\/a> sur l&rsquo;achat d&rsquo;une cuisine ou d&rsquo;une salle de bain, avec un cadeau offert \u00e0 la commande.<\/p>\n<p>&nbsp;<\/p>\n<p>&nbsp;<\/p>\n<p>&nbsp;<\/p>\n","protected":false},"excerpt":{"rendered":"<p>BRICOLAGE &#8211; ENERGIE &#8211; MAISON Creativ&rsquo;Concept &#8211; Soci\u00e9t\u00e9 de R\u00e9novation Immobil\u00e8re &#8211; -10% pour les salari\u00e9s ALE-Nokia &#8211; 06.36.17.18.75 &#8211; Un interlocuteur unique pour vos travaux int\u00e9rieurs et ext\u00e9rieurs &#8211; [&hellip;]<\/p>\n","protected":false},"author":2,"featured_media":0,"parent":152,"menu_order":3,"comment_status":"open","ping_status":"open","template":"","meta":{"footnotes":""},"class_list":["post-1561","page","type-page","status-publish","hentry"],"publishpress_future_action":{"enabled":false,"date":"2026-04-23 19:18:11","action":"change-status","newStatus":"draft","terms":[],"taxonomy":"category","extraData":[]},"publishpress_future_workflow_manual_trigger":{"enabledWorkflows":[]},"_links":{"self":[{"href":"https:\/\/www.ce-illkirch.fr\/wordpress\/wp-json\/wp\/v2\/pages\/1561","targetHints":{"allow":["GET"]}}],"collection":[{"href":"https:\/\/www.ce-illkirch.fr\/wordpress\/wp-json\/wp\/v2\/pages"}],"about":[{"href":"https:\/\/www.ce-illkirch.fr\/wordpress\/wp-json\/wp\/v2\/types\/page"}],"author":[{"embeddable":true,"href":"https:\/\/www.ce-illkirch.fr\/wordpress\/wp-json\/wp\/v2\/users\/2"}],"replies":[{"embeddable":true,"href":"https:\/\/www.ce-illkirch.fr\/wordpress\/wp-json\/wp\/v2\/comments?post=1561"}],"version-history":[{"count":5,"href":"https:\/\/www.ce-illkirch.fr\/wordpress\/wp-json\/wp\/v2\/pages\/1561\/revisions"}],"predecessor-version":[{"id":39290,"href":"https:\/\/www.ce-illkirch.fr\/wordpress\/wp-json\/wp\/v2\/pages\/1561\/revisions\/39290"}],"up":[{"embeddable":true,"href":"https:\/\/www.ce-illkirch.fr\/wordpress\/wp-json\/wp\/v2\/pages\/152"}],"wp:attachment":[{"href":"https:\/\/www.ce-illkirch.fr\/wordpress\/wp-json\/wp\/v2\/media?parent=1561"}],"curies":[{"name":"wp","href":"https:\/\/api.w.org\/{rel}","templated":true}]}}