{"id":1594,"date":"2010-05-04T08:53:00","date_gmt":"2010-05-04T07:53:00","guid":{"rendered":"http:\/\/www.ce-illkirch.fr\/wordpress\/?page_id=1594"},"modified":"2025-11-21T10:50:31","modified_gmt":"2025-11-21T09:50:31","slug":"beaute","status":"publish","type":"page","link":"https:\/\/www.ce-illkirch.fr\/wordpress\/offres-commerciales-2\/beaute\/","title":{"rendered":"Beaut\u00e9 \/ Sant\u00e9"},"content":{"rendered":"<p><strong><span style=\"text-decoration: underline;\">Coiffure<\/span><\/strong><\/p>\n<ul>\n<li><strong>Espace Coiffure<\/strong> 297 route de Lyon Illkirch &#8211; 03.88.66.29.39 &#8211; de 10 \u00e0 15 % de remise<\/li>\n<li><strong>Reflet d&rsquo;Aurore<\/strong> &#8211; 182 route de Lyon Illkirch 03.88.39.42.76<\/li>\n<li><strong>Serge comtesse<\/strong> &#8211; carte privil\u00e8ge (permettant une r\u00e9duction de 20%) \u00e0 commander au CE<\/li>\n<li><a href=\"https:\/\/www.facebook.com\/Viva-La-Vie-by-jerome-380484086100963\/\"><strong>Viva la vie by J\u00e9r\u00f4me<\/strong><\/a> 202 avenue de Colmar Strasbourg 03 88 43 79 84 -20% sur l&rsquo;ensemble des prestations en pr\u00e9sentant le badge<\/li>\n<\/ul>\n<p><span style=\"text-decoration: underline;\"><strong>Bijouterie<\/strong><\/span><\/p>\n<p><strong>Kronenberg<\/strong> 32 Faubourg National Strasbourg 03.88.32.77.34 &#8211; de 20 \u00e0 40 % de remise<\/p>\n<p><strong>Accessories&rsquo; garden<\/strong> vous invite \u00e0 prendre rendez-vous pour une vente conviviale de bijoux, accessoires et sacs \u00e0 main de qualit\u00e9 \u00e0 votre domicile.\u00a0Les employ\u00e9s d&rsquo;Alactel b\u00e9n\u00e9ficierons d&rsquo;une r\u00e9ducition sp\u00e9ciale de 10%.\u00a0Contactez Natacha au 0671645247<\/p>\n<p><strong><span style=\"text-decoration: underline;\">Institut<\/span><\/strong><\/p>\n<p><strong><a href=\"https:\/\/www.ce-illkirch.fr\/wordpress\/wp-content\/uploads\/2025\/09\/hypnora_carte.png\"><img loading=\"lazy\" decoding=\"async\" class=\"size-medium wp-image-38141 alignleft\" src=\"https:\/\/www.ce-illkirch.fr\/wordpress\/wp-content\/uploads\/2025\/09\/hypnora_carte-300x119.png\" alt=\"\" width=\"300\" height=\"119\" srcset=\"https:\/\/www.ce-illkirch.fr\/wordpress\/wp-content\/uploads\/2025\/09\/hypnora_carte-300x119.png 300w, https:\/\/www.ce-illkirch.fr\/wordpress\/wp-content\/uploads\/2025\/09\/hypnora_carte-110x44.png 110w, https:\/\/www.ce-illkirch.fr\/wordpress\/wp-content\/uploads\/2025\/09\/hypnora_carte-420x166.png 420w, https:\/\/www.ce-illkirch.fr\/wordpress\/wp-content\/uploads\/2025\/09\/hypnora_carte.png 477w\" sizes=\"auto, (max-width: 300px) 100vw, 300px\" \/><\/a>Cabinet Hypnora : <a href=\"mailto:cabinet.hypnora@yahoo.com\">cabinet.hypnora@yahoo.com<\/a><\/strong><\/p>\n<p><strong>\u00a010% de r\u00e9duction<\/strong> sur pr\u00e9sentation du badge.<\/p>\n<p>En tant qu&rsquo;hypnoth\u00e9rapeute, j&rsquo;accompagne toute personne en qu\u00eate de son mieux-\u00eatre \u00e0 des des fins th\u00e9rapeutiques. Je vous guide dans le cheminement lib\u00e9rateur de vos blocages \u00e9motionnels, peurs, tabac, etc. Par des s\u00e9ances d&rsquo; hypnoth\u00e9rapie, vous reprendrez le pouvoir sur votre vie.<\/p>\n<p>En tant qu\u2019hypnotiseuse de spectacle, je vous propose un moment m\u00e9morable et festif. J&rsquo;ai h\u00e2te de vous faire d\u00e9couvrir cet art \u00e0 travers divers \u00e9v\u00e8nements avec votre participation. Car oui .. vous allez \u00eatre acteur de ce spectacle que ce soit sur sc\u00e8ne ou dans le public. Des souvenirs inoubliables, du partage, du rire, du fun &#8230; voil\u00e0 l&rsquo;originalit\u00e9 de cette animation qui est fortement appr\u00e9ci\u00e9e.<\/p>\n<p>Encore une h\u00e9sitation ? Contactez-moi &#8211; <a href=\"mailto:cabinet.hypnora@yahoo.com\">cabinet.hypnora@yahoo.com<\/a> &#8211; 06 72 89 18 18<\/p>\n<p><a href=\"https:\/\/beautedescedres.thalgo.com\/\" target=\"_blank\" rel=\"noopener\"><strong>* Espace beaut\u00e9\u00a0des C\u00e8dres <\/strong><\/a><strong>Illkirch 170 route de Lyon :<\/strong> l&rsquo;expertise marine de la beaut\u00e9 et du bien-\u00eatre.\u00a0R\u00e9duction\u00a0-20% sur les soins et -10% sur tous les produits THALGO ( sauf cure, cellu M6, \u00e9pilations et bons cadeaux).<\/p>\n<ul>\n<li><strong><img loading=\"lazy\" decoding=\"async\" class=\" wp-image-30128 alignleft\" src=\"https:\/\/www.ce-illkirch.fr\/wordpress\/wp-content\/uploads\/bechtLOGO-300x203.png\" alt=\"\" width=\"126\" height=\"85\" srcset=\"https:\/\/www.ce-illkirch.fr\/wordpress\/wp-content\/uploads\/bechtLOGO-300x203.png 300w, https:\/\/www.ce-illkirch.fr\/wordpress\/wp-content\/uploads\/bechtLOGO-768x521.png 768w, https:\/\/www.ce-illkirch.fr\/wordpress\/wp-content\/uploads\/bechtLOGO-1024x695.png 1024w, https:\/\/www.ce-illkirch.fr\/wordpress\/wp-content\/uploads\/bechtLOGO-110x75.png 110w, https:\/\/www.ce-illkirch.fr\/wordpress\/wp-content\/uploads\/bechtLOGO-420x285.png 420w, https:\/\/www.ce-illkirch.fr\/wordpress\/wp-content\/uploads\/bechtLOGO-634x430.png 634w\" sizes=\"auto, (max-width: 126px) 100vw, 126px\" \/>Camille Becht<\/strong> &#8211; 15\u00a0%.\u00a0 <a href=\"https:\/\/boutique.camillebecht.fr\/\">https:\/\/boutique.camillebecht.fr\/<\/a>code :<strong>\u00a0<\/strong><strong>alcace2215<\/strong><\/li>\n<\/ul>\n<p>Camille Becht, d\u00e9j\u00e0 connue dans l\u2019univers du Spa et des soins de luxe, a souhait\u00e9 lancer une marque de produits cosm\u00e9tiques en accord avec ses exigences et ses valeurs pour continuer \u00e0 vous offrir le meilleur.<\/p>\n<p><strong>Selon notre souhait, notre marque respecte autant notre environnement que votre peau\u00a0: <a href=\"https:\/\/www.ce-illkirch.fr\/wordpress\/wp-content\/uploads\/bechtPr\u00e9sentation-produits-livret.pdf\">nos produits<\/a> sont riches en actifs v\u00e9g\u00e9taux biologiques, sans colorants ni conservateurs et non test\u00e9s sur les animaux. Leur production locale et artisanale garantit un faible impact environnemental. La nature partage avec nous ses bienfaits, nous tenons \u00e0 la respecter.<\/strong><\/p>\n<p>C\u2019est donc du d\u00e9sir de cr\u00e9er une marque alsacienne, artisanale, issue de l\u2019agriculture biologique, \u00e0 tr\u00e8s forte teneur en principes actifs naturels, qu\u2019est n\u00e9e la marque Camille Becht. Notre marque vous propose aujourd\u2019hui des huiles, des gommages et des laits dans 4 univers olfactifs diff\u00e9rents.<\/p>\n<p>* <a href=\"http:\/\/www.harmoniede-soi.fr\"><strong>Harmonie de soi <\/strong><\/a>sur Strasbourg et Alentours<\/p>\n<p>-15 % massages \u00e0 domicile sur Strasbourg et alentours (frais de d\u00e9placement selon la distance) \/ 5 \u20ac de r\u00e9duction pour les achats de ch\u00e8ques cadeaux<\/p>\n<p>Facebook : Harmonie de Soi &#8211; Val\u00e9riane Guyot<\/p>\n<p><a href=\"http:\/\/nadineschmitt.free.fr\" target=\"_blank\" rel=\"noopener\"><strong>* Extatic <\/strong><\/a>Massage sonores et Vibratoires (bols tib\u00e9tains) &#8211; 03.88.13.26.49 &#8211; -15% pour les salari\u00e9s Alcatel.<\/p>\n<p>*<strong><a href=\"http:\/\/www.sunpalace.fr\" target=\"_blank\" rel=\"noopener\">Maison de la beaut\u00e9<\/a><\/strong> 202 avenue de Colmar Strasbourg 03.88.39.16.51 : -20%<\/p>\n<p><strong>* Marionnaud :<\/strong> carte de fid\u00e9lit\u00e9 M beaucoup plus : avantage carte de fid\u00e9lit\u00e9 normale + \u00a010% de remise permanente + offres exclusives. Demande de la carte disponible au CE.<\/p>\n<p><strong>Massage Esther : Andlau \/ 06.35.27.32.36<img loading=\"lazy\" decoding=\"async\" class=\"size-medium wp-image-34275 alignleft\" src=\"https:\/\/www.ce-illkirch.fr\/wordpress\/wp-content\/uploads\/2023\/11\/massage_Esther-300x211.jpg\" alt=\"\" width=\"300\" height=\"211\" srcset=\"https:\/\/www.ce-illkirch.fr\/wordpress\/wp-content\/uploads\/2023\/11\/massage_Esther-300x211.jpg 300w, https:\/\/www.ce-illkirch.fr\/wordpress\/wp-content\/uploads\/2023\/11\/massage_Esther-1024x721.jpg 1024w, https:\/\/www.ce-illkirch.fr\/wordpress\/wp-content\/uploads\/2023\/11\/massage_Esther-768x541.jpg 768w, https:\/\/www.ce-illkirch.fr\/wordpress\/wp-content\/uploads\/2023\/11\/massage_Esther-1536x1081.jpg 1536w, https:\/\/www.ce-illkirch.fr\/wordpress\/wp-content\/uploads\/2023\/11\/massage_Esther-110x77.jpg 110w, https:\/\/www.ce-illkirch.fr\/wordpress\/wp-content\/uploads\/2023\/11\/massage_Esther-420x296.jpg 420w, https:\/\/www.ce-illkirch.fr\/wordpress\/wp-content\/uploads\/2023\/11\/massage_Esther-611x430.jpg 611w, https:\/\/www.ce-illkirch.fr\/wordpress\/wp-content\/uploads\/2023\/11\/massage_Esther.jpg 1915w\" sizes=\"auto, (max-width: 300px) 100vw, 300px\" \/><\/strong> une r\u00e9duction de 15% sur tous les massages (sauf sur le massage d\u00e9couverte) pour les salari\u00e9s de ALE International<\/p>\n<p>&nbsp;<\/p>\n<p>&nbsp;<\/p>\n<p>&nbsp;<\/p>\n<p>&nbsp;<\/p>\n<p><strong>\u00a0<\/strong>*<b><a href=\"https:\/\/www.lebienetreastrasbourg.com\/\">Le bien-\u00eatre<\/a> \u00e0 Strasbourg<\/b>: R\u00e9flexologie plantaire et massages bien-\u00eatre relaxants, revitalisants et drainants. -10% sur les prestations.\u00a0 R\u00e9becca Metzger : 06 59 35 33 25 \u2013\u00a0<a href=\"https:\/\/www.lebienetreastrasbourg.com\/\">site internet<\/a> &#8211;\u00a0<a href=\"http:\/\/www.facebook.com\/pages\/R%C3%A9becca-Metzger-praticienne-massage-bien-%C3%AAtre-Strasbourg\/204212192990027\" target=\"_blank\" rel=\"noopener\">Facebook<\/a>\u00a0&#8211; <a href=\"mailto:contact@lebienetreastrasbourg.com\">contact@lebienetreastrasbourg.com<\/a> &#8211; Espace bien-\u00eatre: 4a, rue des roses \u00e0 Strasbourg Neudorf sur rendez-vous et d\u00e9placement\u00a0\u00e0 domicile &#8211;\u00a0Bons cadeau \u2013 Formules conviviales \u2013 Abonnement \u2013 Carte de fid\u00e9lit\u00e9 &#8211; Parrainage &#8211; Bons cadeau disponibles au CE<\/p>\n<p>SITE INTERNET: <a href=\"https:\/\/www.lebienetreastrasbourg.com\/\">http:\/\/www.lebienetreastrasbourg.com<\/a> \/ PAGE FACEBOOK: <a href=\"https:\/\/www.facebook.com\/rebeccametzger.lebienetreastrasbourg\/\">https:\/\/www.facebook.com\/rebeccametzger.lebienetreastrasbourg\/<\/a><\/p>\n<p><strong>* JOELLE DE ANGELIS\u00a0<\/strong> PRATICIENNE DE <strong>SHIATSU<\/strong> DIPLOMEE DE LA F.F.S.T \u00a01 rue des Seigneurs \u00a067202 Wolfisheim 06 87 43 80 35 &#8211; <a href=\"http:\/\/www.ce-illkirch.fr\/wordpress\/wp-content\/uploads\/Shiatsu2.pdf\" target=\"_blank\" rel=\"noopener\">Affiche<\/a><\/p>\n<p>Tarif de la s\u00e9ance 60 \u20ac &#8211; r\u00e9duction pour le personnel d&rsquo;Alcatel<\/p>\n<p>* <b>Nature is Future By Phytodia<\/b> &#8211; r\u00e9duction 15% sur le site internet\u00a0<a href=\"http:\/\/www.phytodia.com\/\">www.natureisfuture.fr<\/a> avec le code \u00ab\u00a0CEALSACE\u00a0\u00bb. <a href=\"http:\/\/www.ce-illkirch.fr\/wordpress\/wp-content\/uploads\/NEWSLETTER-CE.pdf\" target=\"_blank\" rel=\"noopener\">Affiche<\/a><\/p>\n<p><b>Axelle STREHLE<\/b><\/p>\n<p><b>Nature is Future By Phytodia<\/b><\/p>\n<p>300 Bld Sebastien Brant, BP 10413 &#8211; F-67412 Illkirch<\/p>\n<p>tel +33 368 85 48 02 \/ cell +33 679 122 795<\/p>\n<p><strong>* <a href=\"http:\/\/www.nocibe.fr\/\" target=\"_blank\" rel=\"noopener\">Nocib\u00e9<\/a><\/strong> remise annuelle de 10% sur les achats parfums, soins, maquillage, parapharmacie, institut de beaut\u00e9. Dans les parfumeries Nocib\u00e9 participantes et sur internet. Code de remise 15784135 et sur pr\u00e9sentation de ce <a href=\"http:\/\/www.ce-illkirch.fr\/wordpress\/wp-content\/uploads\/Nocib\u00e9.htm\" target=\"_blank\" rel=\"noopener\">document<\/a>, carte de fid\u00e9lit\u00e9 Nocib\u00e9 ou justificatif (badge, fiche de paie)<\/p>\n<p>* vente de produits \u00e0 l&rsquo;Alo\u00e9 Vera<\/p>\n<p>Pour b\u00e9n\u00e9ficier d&rsquo;une r\u00e9duction de 5% merci de prendre directement contact avec moi au 0679292571 ou par mail \u00e0\u00a0 <a href=\"mailto:ridaberenice@gmail.com\">ridaberenice@gmail.com<\/a><\/p>\n<p>Le lien conduit au site qui fait les prix catalogue , si vous passez par B\u00e9r\u00e9nice vous avez 5% sur la commande.<\/p>\n<p><span style=\"color: #008000;\">*<img loading=\"lazy\" decoding=\"async\" class=\" wp-image-28612 alignleft\" src=\"https:\/\/www.ce-illkirch.fr\/wordpress\/wp-content\/uploads\/Logo_Body-Nature_Centre_P560-1024x776-300x227.png\" alt=\"\" width=\"164\" height=\"124\" srcset=\"https:\/\/www.ce-illkirch.fr\/wordpress\/wp-content\/uploads\/Logo_Body-Nature_Centre_P560-1024x776-300x227.png 300w, https:\/\/www.ce-illkirch.fr\/wordpress\/wp-content\/uploads\/Logo_Body-Nature_Centre_P560-1024x776-768x582.png 768w, https:\/\/www.ce-illkirch.fr\/wordpress\/wp-content\/uploads\/Logo_Body-Nature_Centre_P560-1024x776.png 1024w, https:\/\/www.ce-illkirch.fr\/wordpress\/wp-content\/uploads\/Logo_Body-Nature_Centre_P560-1024x776-110x83.png 110w, https:\/\/www.ce-illkirch.fr\/wordpress\/wp-content\/uploads\/Logo_Body-Nature_Centre_P560-1024x776-420x318.png 420w, https:\/\/www.ce-illkirch.fr\/wordpress\/wp-content\/uploads\/Logo_Body-Nature_Centre_P560-1024x776-567x430.png 567w\" sizes=\"auto, (max-width: 164px) 100vw, 164px\" \/><strong>Body Nature<\/strong><\/span> <strong>06.13.79.59.43<\/strong> ou par\u00a0mail :\u00a0<a href=\"mailto:Cboulanger67bodynature@gmail.com\">Cboulanger67bodynature@gmail.com &#8211;\u00a0<\/a>Catherine BOULANGER Conseill\u00e8re Distributrice Body Nature\u00a067990\u00a0 OSTHOFFEN. Catalogue<\/p>\n<p>Je suis conseill\u00e8re distributrice des produits Body Nature sur le Bas-Rhin, et je vous propose des produits <strong>fran\u00e7ais<\/strong>,\u00a0<strong>\u00e9cologiques<\/strong>, <strong>100% naturels<\/strong>, issus d&rsquo;esp\u00e8ces v\u00e9g\u00e9tales cultiv\u00e9es en <strong>biodynamie<\/strong>,\u00a0<strong>certifi\u00e9s Bio et Ecocert<\/strong>.\u00a0Des produits con\u00e7us dans le respect de l&rsquo;Homme et de la nature, non test\u00e9s sur les animaux !<\/p>\n<p><strong>Comment passer une commande ?<\/strong> : 1\u00b0) par t\u00e9l\u00e9phone ou par mail (coordonn\u00e9es ci-dessous)\u00a0\u00a0 2\u00b0) \u00e9ventuellement <strong>sur le site internet de Body Nature<\/strong>, en cr\u00e9ant un compte et en me s\u00e9lectionnant comme conseill\u00e8re (merci de bien vouloir me contacter au pr\u00e9alable pour toute premi\u00e8re commande)<\/p>\n<p>lien catalogues des promotions et avantages pour mars et avril 2022 :\u00a0https:\/\/fr.calameo.com\/books\/00400940643d23319261d<\/p>\n<p>lien vers le catalogue g\u00e9n\u00e9ral :\u00a0<a href=\"https:\/\/www.body-nature.fr\/nos-produits\/accueil\">https:\/\/www.body-nature.fr\/nos-produits\/accueil<\/a><\/p>\n<p>Pour obtenir une<strong> remise exceptionnelle de <\/strong><strong>5%<\/strong>, et pour tout renseignement, merci de me contacter au 06.13.79.59.43 ou par mail : <a href=\"mailto:cboulanger67bodynature@gmail.com\">cboulanger67bodynature@gmail.com<\/a><\/p>\n<p><strong>Livraison<\/strong> : D\u00e9lai : 10 jours environ \u00e0 compter de la date de passation des commandes. Lieu\u00a0 : \u00e0 votre CE ou \u00e9ventuellement chez vous (sous certaines conditions, me contacter)<\/p>\n<p><strong>Vos avantages pour votre premi\u00e8re commande<\/strong> : &#8211; un bon d&rsquo;achat de<strong> 10 euros <\/strong>pour tout nouveau client, utilisable sur votre prochaine commande (jusque fin d\u00e9c 2022). Et en plus : &#8211; un cadeau de l&rsquo;instant &#8211; un cadeau plaisir offert d\u00e8s 69 \u20ac de commande<\/p>\n<p><span style=\"font-weight: bold; text-decoration: underline;\" data-mce-mark=\"1\">Optique :<br \/>\n<\/span><\/p>\n<p><strong>*Optic&rsquo; Duroc <\/strong>: 22 rue du 22 Novembre Strasbourg 03.88.32.07.08 &#8211; -40 % sur montures optiques &#8211; -40% sur verres optiques \/ -25% sur les solaires \/ -20% sur les lentilles de contact et produits.<\/p>\n<p><strong>*Optic 2000 &#8211;<\/strong> Les C\u00e8dres 170 route de Lyon Illkirch 03.88.67.27.97 &#8211; 50 \u20ac de r\u00e9duction pour l&rsquo;achat d&rsquo;une monture* &#8211; Offre lentilles &#8211; Offre Solaires. D\u00e9tails au CE.<\/p>\n<p><strong>Parfum :<\/strong><\/p>\n<p><strong> <a href=\"https:\/\/www.ce-illkirch.fr\/wordpress\/wp-content\/uploads\/2025\/01\/chogan_logo.png\"><img loading=\"lazy\" decoding=\"async\" class=\"size-thumbnail wp-image-36662 alignleft\" src=\"https:\/\/www.ce-illkirch.fr\/wordpress\/wp-content\/uploads\/2025\/01\/chogan_logo.png\" alt=\"\" width=\"150\" height=\"150\" srcset=\"https:\/\/www.ce-illkirch.fr\/wordpress\/wp-content\/uploads\/2025\/01\/chogan_logo.png 150w, https:\/\/www.ce-illkirch.fr\/wordpress\/wp-content\/uploads\/2025\/01\/chogan_logo-125x125.png 125w, https:\/\/www.ce-illkirch.fr\/wordpress\/wp-content\/uploads\/2025\/01\/chogan_logo-64x64.png 64w, https:\/\/www.ce-illkirch.fr\/wordpress\/wp-content\/uploads\/2025\/01\/chogan_logo-110x110.png 110w, https:\/\/www.ce-illkirch.fr\/wordpress\/wp-content\/uploads\/2025\/01\/chogan_logo-120x120.png 120w\" sizes=\"auto, (max-width: 150px) 100vw, 150px\" \/><\/a>* <a href=\"https:\/\/parfum-inspiration.com\/\">Chogan<\/a><\/strong><\/p>\n<p>Meg-Ann, distributrice pour la marque Chogan, sp\u00e9cialis\u00e9e dans les produits cosm\u00e9tiques, parfums, et bien-\u00eatre. Large gamme de produits de haute qualit\u00e9, dont :<\/p>\n<ul>\n<li><a href=\"https:\/\/www.ce-illkirch.fr\/wordpress\/wp-content\/uploads\/2025\/01\/choganListes-parfums.pdf\">Des parfums<\/a> inspir\u00e9s des grandes marques, jusqu\u2019\u00e0 70 % moins chers que ceux des parfumeries traditionnelles.<\/li>\n<li>Des produits cosm\u00e9tiques naturels : soins visage, corps et cheveux.<\/li>\n<li>Des diffuseurs d\u2019ambiance pour une touche de bien-\u00eatre \u00e0 la maison ou au bureau.<\/li>\n<li>Des produits m\u00e9nagers \u00e9cologiques, pour prendre soin de votre environnement de mani\u00e8re responsable. \u00a0\u00a0\u00a0\u00a0\u2022\u00a0\u00a0\u00a0\u00a0Des compl\u00e9ments alimentaires pour un bien-\u00eatre int\u00e9rieur.<\/li>\n<\/ul>\n<ol>\n<li>Les salari\u00e9s peuvent directement contacter Meg-Ann par SMS au 06 95 38 04 08 ou mel : megannmod@gmail.com, pour passer leurs commandes \u00e0 leur convenance. (Frais de livraison offert d\u00e8s 100\u20ac de commande)<\/li>\n<\/ol>\n<ol start=\"2\">\n<li>Bon de commande disponible au CSE. Une fois rempli, il pourra \u00eatre transmis \u00e0 Meg-Ann pour traitement rapide. Possibilit\u00e9 de faire des commandes group\u00e9es afin d\u2019obtenir les frais de livraison offerts.<\/li>\n<\/ol>\n<p><strong>Remise de 10 %<\/strong> sur toute la boutique, valable pour tous vos collaborateurs &#8211; <a href=\"https:\/\/www.ce-illkirch.fr\/wordpress\/wp-content\/uploads\/2025\/01\/chogan_Flyer.jpg\">Flyer<\/a><\/p>\n<p>&nbsp;<\/p>\n","protected":false},"excerpt":{"rendered":"<p>Coiffure Espace Coiffure 297 route de Lyon Illkirch &#8211; 03.88.66.29.39 &#8211; de 10 \u00e0 15 % de remise Reflet d&rsquo;Aurore &#8211; 182 route de Lyon Illkirch 03.88.39.42.76 Serge comtesse &#8211; [&hellip;]<\/p>\n","protected":false},"author":2,"featured_media":0,"parent":152,"menu_order":2,"comment_status":"open","ping_status":"open","template":"","meta":{"footnotes":""},"class_list":["post-1594","page","type-page","status-publish","hentry"],"publishpress_future_action":{"enabled":false,"date":"2026-05-17 15:32:28","action":"change-status","newStatus":"draft","terms":[],"taxonomy":"category","extraData":[]},"publishpress_future_workflow_manual_trigger":{"enabledWorkflows":[]},"_links":{"self":[{"href":"https:\/\/www.ce-illkirch.fr\/wordpress\/wp-json\/wp\/v2\/pages\/1594","targetHints":{"allow":["GET"]}}],"collection":[{"href":"https:\/\/www.ce-illkirch.fr\/wordpress\/wp-json\/wp\/v2\/pages"}],"about":[{"href":"https:\/\/www.ce-illkirch.fr\/wordpress\/wp-json\/wp\/v2\/types\/page"}],"author":[{"embeddable":true,"href":"https:\/\/www.ce-illkirch.fr\/wordpress\/wp-json\/wp\/v2\/users\/2"}],"replies":[{"embeddable":true,"href":"https:\/\/www.ce-illkirch.fr\/wordpress\/wp-json\/wp\/v2\/comments?post=1594"}],"version-history":[{"count":30,"href":"https:\/\/www.ce-illkirch.fr\/wordpress\/wp-json\/wp\/v2\/pages\/1594\/revisions"}],"predecessor-version":[{"id":38391,"href":"https:\/\/www.ce-illkirch.fr\/wordpress\/wp-json\/wp\/v2\/pages\/1594\/revisions\/38391"}],"up":[{"embeddable":true,"href":"https:\/\/www.ce-illkirch.fr\/wordpress\/wp-json\/wp\/v2\/pages\/152"}],"wp:attachment":[{"href":"https:\/\/www.ce-illkirch.fr\/wordpress\/wp-json\/wp\/v2\/media?parent=1594"}],"curies":[{"name":"wp","href":"https:\/\/api.w.org\/{rel}","templated":true}]}}