{"id":2042,"date":"2010-06-21T14:34:47","date_gmt":"2010-06-21T13:34:47","guid":{"rendered":"http:\/\/www.ce-illkirch.fr\/wordpress\/?page_id=2042"},"modified":"2023-12-08T09:49:40","modified_gmt":"2023-12-08T08:49:40","slug":"les-petites-zannonces-du-ce","status":"publish","type":"page","link":"https:\/\/www.ce-illkirch.fr\/wordpress\/les-petites-zannonces-du-ce\/","title":{"rendered":"Les petites annonces du CSE ALE Illkirch"},"content":{"rendered":"<p><strong>Le site des petites annonces<\/strong> est disponible depuis le 8 d\u00e9cembre 2023.<\/p>\n<p>Simple, Rapide et fun, il permet d&rsquo;\u00e9changer des biens et services au sein de la communaut\u00e9 de confiance des employ\u00e9s ALE.<\/p>\n<p>Pour le d\u00e9couvrir, veuillez cliquer sur le lien ci-apr\u00e8s : \u00a0\u00a0 \u00a0\u00a0 \u00a0\u00a0 \u00a0\u00a0<a href=\"https:\/\/www.annonces.ce-illkirch.fr\/\" target=\"_blank\" rel=\"noopener\">Le site des petites annonces du CSE Illkirch<\/a><\/p>\n<p><img loading=\"lazy\" decoding=\"async\" class=\" wp-image-34336 aligncenter\" src=\"https:\/\/www.ce-illkirch.fr\/wordpress\/wp-content\/uploads\/2023\/12\/2023-12-06_18h35_25.jpg\" alt=\"\" width=\"571\" height=\"725\" srcset=\"https:\/\/www.ce-illkirch.fr\/wordpress\/wp-content\/uploads\/2023\/12\/2023-12-06_18h35_25.jpg 673w, https:\/\/www.ce-illkirch.fr\/wordpress\/wp-content\/uploads\/2023\/12\/2023-12-06_18h35_25-236x300.jpg 236w, https:\/\/www.ce-illkirch.fr\/wordpress\/wp-content\/uploads\/2023\/12\/2023-12-06_18h35_25-605x768.jpg 605w, https:\/\/www.ce-illkirch.fr\/wordpress\/wp-content\/uploads\/2023\/12\/2023-12-06_18h35_25-87x110.jpg 87w, https:\/\/www.ce-illkirch.fr\/wordpress\/wp-content\/uploads\/2023\/12\/2023-12-06_18h35_25-331x420.jpg 331w, https:\/\/www.ce-illkirch.fr\/wordpress\/wp-content\/uploads\/2023\/12\/2023-12-06_18h35_25-338x430.jpg 338w\" sizes=\"auto, (max-width: 571px) 100vw, 571px\" \/><\/p>\n<p>&nbsp;<\/p>\n<p>&nbsp;<\/p>\n<p>&nbsp;<\/p>\n","protected":false},"excerpt":{"rendered":"<p>Le site des petites annonces est disponible depuis le 8 d\u00e9cembre 2023. Simple, Rapide et fun, il permet d&rsquo;\u00e9changer des biens et services au sein de la communaut\u00e9 de confiance [&hellip;]<\/p>\n","protected":false},"author":2,"featured_media":0,"parent":0,"menu_order":12,"comment_status":"open","ping_status":"closed","template":"","meta":{"footnotes":""},"class_list":["post-2042","page","type-page","status-publish","hentry"],"publishpress_future_action":{"enabled":false,"date":"2026-05-15 14:59:18","action":"change-status","newStatus":"draft","terms":[],"taxonomy":"category","extraData":[]},"publishpress_future_workflow_manual_trigger":{"enabledWorkflows":[]},"_links":{"self":[{"href":"https:\/\/www.ce-illkirch.fr\/wordpress\/wp-json\/wp\/v2\/pages\/2042","targetHints":{"allow":["GET"]}}],"collection":[{"href":"https:\/\/www.ce-illkirch.fr\/wordpress\/wp-json\/wp\/v2\/pages"}],"about":[{"href":"https:\/\/www.ce-illkirch.fr\/wordpress\/wp-json\/wp\/v2\/types\/page"}],"author":[{"embeddable":true,"href":"https:\/\/www.ce-illkirch.fr\/wordpress\/wp-json\/wp\/v2\/users\/2"}],"replies":[{"embeddable":true,"href":"https:\/\/www.ce-illkirch.fr\/wordpress\/wp-json\/wp\/v2\/comments?post=2042"}],"version-history":[{"count":5,"href":"https:\/\/www.ce-illkirch.fr\/wordpress\/wp-json\/wp\/v2\/pages\/2042\/revisions"}],"predecessor-version":[{"id":34337,"href":"https:\/\/www.ce-illkirch.fr\/wordpress\/wp-json\/wp\/v2\/pages\/2042\/revisions\/34337"}],"wp:attachment":[{"href":"https:\/\/www.ce-illkirch.fr\/wordpress\/wp-json\/wp\/v2\/media?parent=2042"}],"curies":[{"name":"wp","href":"https:\/\/api.w.org\/{rel}","templated":true}]}}