{"id":2243,"date":"2010-07-13T09:07:10","date_gmt":"2010-07-13T08:07:10","guid":{"rendered":"http:\/\/www.ce-illkirch.fr\/wordpress\/?page_id=2243"},"modified":"2026-04-14T11:29:05","modified_gmt":"2026-04-14T09:29:05","slug":"listings","status":"publish","type":"page","link":"https:\/\/www.ce-illkirch.fr\/wordpress\/bibliotheque-2\/listings\/","title":{"rendered":"Listings"},"content":{"rendered":"<p><strong><span style=\"color: #000000;\">Ci-dessous vous trouverez les fichiers des listings \u00e0 t\u00e9l\u00e9charger au format xlsx. Date de mise \u00e0 jour : 20\/11\/2024. Cliquez sur les titres pour t\u00e9l\u00e9charger les fichiers.<\/span><\/strong><\/p>\n<h5>Sinon, <strong><a title=\"Acc\u00e8s direct base BCDI bibli\" href=\"https:\/\/linux-bcdi.ale-international.com\/bcdi\/bcdiweb.cgi\/biblio\" target=\"_blank\" rel=\"noopener\">acc\u00e8s direct \u00e0 la base BCDI<\/a><\/strong> pour voir s&rsquo;il y a tel ou tel titre \u00e0 la biblioth\u00e8que, savoir ce qu&rsquo;on a sur son compte, etc&#8230;\u00a0\u00a0\u00a0 <strong>num\u00e9ro emprunteur et mot de passe = num\u00e9ro code barre sur votre badge<\/strong><\/h5>\n<p><span style=\"color: #000000;\"><strong>1. Livres : <\/strong><span style=\"color: #ff00ff;\"><a style=\"color: #ff00ff;\" href=\"https:\/\/www.ce-illkirch.fr\/wordpress\/wp-content\/uploads\/2024\/11\/Listing-livre-2024_11-1.xlsx\">Listing livre 2024_11<\/a><\/span><\/span><\/p>\n<p><span style=\"color: #000000;\"><strong>2. DVD : <\/strong><span style=\"color: #ff00ff;\"><a style=\"color: #ff00ff;\" href=\"https:\/\/www.ce-illkirch.fr\/wordpress\/wp-content\/uploads\/2024\/11\/Listing-dvd-2024_11.xlsx\">Listing dvd 2024_11<\/a><\/span><\/span><\/p>\n<p><span style=\"color: #000000;\"><strong>3. CD :<\/strong> <span style=\"color: #ff00ff;\"><a style=\"color: #ff00ff;\" href=\"https:\/\/www.ce-illkirch.fr\/wordpress\/wp-content\/uploads\/2024\/11\/Listing-cd-2024_11.xlsx\">Listing cd 2024_11<\/a><\/span><\/span><\/p>\n<p><strong><span style=\"color: #000000;\">4. P\u00e9riodiques : <span style=\"color: #ff6600;\"><a style=\"color: #ff6600;\" href=\"https:\/\/www.ce-illkirch.fr\/wordpress\/wp-content\/uploads\/2024\/12\/Listing-periode-annee-2024.pdf\">Ann\u00e9e 2024<\/a><\/span><\/span><\/strong><\/p>\n<p><strong><span style=\"color: #000000;\">Magazines disponibles <\/span>: En entrant \u00e0 gauche, vous trouverez une douzaine de p\u00e9riodiques auxquels nous sommes abonn\u00e9s. \u00a0Lorsqu\u2019il s\u2019agit du<span style=\"color: #000000;\"> dernier sorti, le p\u00e9riodique est uniquement en consultation \u00e0 la biblioth\u00e8que, mais s\u2019il s\u2019agit d\u2019un plus ancien, vous pouvez l\u2019emprunter comme n\u2019importe quel livre ou BD.<\/span><\/strong><\/p>\n<ul>\n<li><strong>60 Millions de Consommateurs<\/strong><\/li>\n<li><strong>4 Saisons (du jardin bio)<\/strong><\/li>\n<li><strong>Saisons d&rsquo;Alsace<\/strong><\/li>\n<li><strong>Alternatives Economiques<\/strong><\/li>\n<li><strong>L&rsquo;Histoire<\/strong><\/li>\n<li><strong>Cuisine Actuelle<\/strong><\/li>\n<li><strong>Maison &amp; Travaux<\/strong><\/li>\n<li><strong>J&rsquo;aime Lire<\/strong><\/li>\n<li><strong><span style=\"color: #000000;\">Charlie Hebdo<\/span><\/strong><\/li>\n<li><strong>Canard Encha\u00een\u00e9<\/strong><\/li>\n<li><strong>DNA<\/strong><\/li>\n<li><strong>Sciences Humaines<\/strong><\/li>\n<\/ul>\n<p><strong><span style=\"color: #000000;\"><strong>5. La Ludoth\u00e8que<\/strong><\/span><\/strong><\/p>\n<p><a href=\"https:\/\/www.ce-illkirch.fr\/wordpress\/wp-content\/uploads\/2025\/02\/liste_jeux.txt\">La liste des jeux<\/a>.<\/p>\n<h3>mail : <a href=\"mailto:suggestionsbibliothequeillkirch@al-enterprise.com\"><span style=\"color: #0000ff;\">suggestionsbibliothequeillkirch@al-enterprise.com<\/span><\/a><\/h3>\n","protected":false},"excerpt":{"rendered":"<p>Ci-dessous vous trouverez les fichiers des listings \u00e0 t\u00e9l\u00e9charger au format xlsx. Date de mise \u00e0 jour : 20\/11\/2024. Cliquez sur les titres pour t\u00e9l\u00e9charger les fichiers. Sinon, acc\u00e8s direct [&hellip;]<\/p>\n","protected":false},"author":2,"featured_media":0,"parent":70,"menu_order":3,"comment_status":"open","ping_status":"closed","template":"","meta":{"footnotes":""},"class_list":["post-2243","page","type-page","status-publish","hentry"],"publishpress_future_action":{"enabled":false,"date":"2026-04-25 10:41:40","action":"change-status","newStatus":"draft","terms":[],"taxonomy":"category","extraData":[]},"publishpress_future_workflow_manual_trigger":{"enabledWorkflows":[]},"_links":{"self":[{"href":"https:\/\/www.ce-illkirch.fr\/wordpress\/wp-json\/wp\/v2\/pages\/2243","targetHints":{"allow":["GET"]}}],"collection":[{"href":"https:\/\/www.ce-illkirch.fr\/wordpress\/wp-json\/wp\/v2\/pages"}],"about":[{"href":"https:\/\/www.ce-illkirch.fr\/wordpress\/wp-json\/wp\/v2\/types\/page"}],"author":[{"embeddable":true,"href":"https:\/\/www.ce-illkirch.fr\/wordpress\/wp-json\/wp\/v2\/users\/2"}],"replies":[{"embeddable":true,"href":"https:\/\/www.ce-illkirch.fr\/wordpress\/wp-json\/wp\/v2\/comments?post=2243"}],"version-history":[{"count":24,"href":"https:\/\/www.ce-illkirch.fr\/wordpress\/wp-json\/wp\/v2\/pages\/2243\/revisions"}],"predecessor-version":[{"id":39288,"href":"https:\/\/www.ce-illkirch.fr\/wordpress\/wp-json\/wp\/v2\/pages\/2243\/revisions\/39288"}],"up":[{"embeddable":true,"href":"https:\/\/www.ce-illkirch.fr\/wordpress\/wp-json\/wp\/v2\/pages\/70"}],"wp:attachment":[{"href":"https:\/\/www.ce-illkirch.fr\/wordpress\/wp-json\/wp\/v2\/media?parent=2243"}],"curies":[{"name":"wp","href":"https:\/\/api.w.org\/{rel}","templated":true}]}}