{"id":22774,"date":"2022-01-25T08:44:44","date_gmt":"2022-01-25T07:44:44","guid":{"rendered":"https:\/\/www.ce-illkirch.fr\/wordpress\/?page_id=22774"},"modified":"2026-04-23T10:53:02","modified_gmt":"2026-04-23T08:53:02","slug":"velo-electrique","status":"publish","type":"page","link":"https:\/\/www.ce-illkirch.fr\/wordpress\/transport\/velo-electrique\/","title":{"rendered":"V\u00e9lo \u00e9lectrique"},"content":{"rendered":"<p><b><a href=\"https:\/\/www.ce-illkirch.fr\/wordpress\/wp-content\/uploads\/2025\/03\/velo-electrique-victoria-e-trekking-88-2022.jpg\"><img loading=\"lazy\" decoding=\"async\" class=\"wp-image-36886 alignleft\" src=\"https:\/\/www.ce-illkirch.fr\/wordpress\/wp-content\/uploads\/2025\/03\/velo-electrique-victoria-e-trekking-88-2022.jpg\" alt=\"\" width=\"320\" height=\"320\" srcset=\"https:\/\/www.ce-illkirch.fr\/wordpress\/wp-content\/uploads\/2025\/03\/velo-electrique-victoria-e-trekking-88-2022.jpg 600w, https:\/\/www.ce-illkirch.fr\/wordpress\/wp-content\/uploads\/2025\/03\/velo-electrique-victoria-e-trekking-88-2022-300x300.jpg 300w, https:\/\/www.ce-illkirch.fr\/wordpress\/wp-content\/uploads\/2025\/03\/velo-electrique-victoria-e-trekking-88-2022-150x150.jpg 150w, https:\/\/www.ce-illkirch.fr\/wordpress\/wp-content\/uploads\/2025\/03\/velo-electrique-victoria-e-trekking-88-2022-250x250.jpg 250w, https:\/\/www.ce-illkirch.fr\/wordpress\/wp-content\/uploads\/2025\/03\/velo-electrique-victoria-e-trekking-88-2022-125x125.jpg 125w, https:\/\/www.ce-illkirch.fr\/wordpress\/wp-content\/uploads\/2025\/03\/velo-electrique-victoria-e-trekking-88-2022-64x64.jpg 64w, https:\/\/www.ce-illkirch.fr\/wordpress\/wp-content\/uploads\/2025\/03\/velo-electrique-victoria-e-trekking-88-2022-110x110.jpg 110w, https:\/\/www.ce-illkirch.fr\/wordpress\/wp-content\/uploads\/2025\/03\/velo-electrique-victoria-e-trekking-88-2022-420x420.jpg 420w, https:\/\/www.ce-illkirch.fr\/wordpress\/wp-content\/uploads\/2025\/03\/velo-electrique-victoria-e-trekking-88-2022-430x430.jpg 430w, https:\/\/www.ce-illkirch.fr\/wordpress\/wp-content\/uploads\/2025\/03\/velo-electrique-victoria-e-trekking-88-2022-120x120.jpg 120w\" sizes=\"auto, (max-width: 320px) 100vw, 320px\" \/><\/a>CSE ALE : 1<sup>er<\/sup><\/b><b> dans la cat\u00e9gorie 101 \u00e0 500 salari\u00e9s-es du secteur priv\u00e9 <\/b>\u2026 et nous avons gagn\u00e9 un <b>v\u00e9lo \u00e0 assistance \u00e9lectrique<\/b>\u00a0!!!<\/p>\n<p><strong>V\u00e9lo Electrique eVICTORIA BOSCH<\/strong><\/p>\n<p>Les modalit\u00e9s sont\u00a0:<\/p>\n<ul>\n<li>Une caution de 500\u20ac par ch\u00e8que (non encaiss\u00e9) sera demand\u00e9e pour le pr\u00eat<\/li>\n<li>Le chargeur de batterie est fourni<\/li>\n<li>Un antivol est fourni<\/li>\n<li>Le casque n\u2019est pas fourni, l\u2019utilisation de votre casque personnel est recommand\u00e9e<\/li>\n<li>Le retrait et le d\u00e9p\u00f4t du v\u00e9lo se font aupr\u00e8s de C\u00e9line \u00e0 la billetterie du CSE aux heures d\u2019ouverture.<\/li>\n<li>Location de 7 jours maximum, locations plus longues possibles s&rsquo;il n&rsquo;y a pas d&rsquo;autres demandes.<\/li>\n<\/ul>\n<p><strong>Tarif de location : <\/strong><\/p>\n<ul>\n<li>Et\u00e9 (du 1er avril au 30 septembre)\u00a0 : 1 \u20ac \/ jour<\/li>\n<li>Hiver (du 1er octobre au 31 mars)\u00a0 : 0,50 \u20ac \/jour<\/li>\n<\/ul>\n<p><a href=\"https:\/\/www.ce-illkirch.fr\/wordpress\/wp-content\/uploads\/2026\/04\/VAE_planning260423.pdf\">Planning<\/a><\/p>\n<p><a href=\"https:\/\/www.ce-illkirch.fr\/wordpress\/wp-content\/uploads\/2018_05_Purion.pdf\" target=\"_blank\" rel=\"noopener\">Notice du compteur<\/a><\/p>\n<p>Inscription aupr\u00e8s de C\u00e9line.<\/p>\n","protected":false},"excerpt":{"rendered":"<p>CSE ALE : 1er dans la cat\u00e9gorie 101 \u00e0 500 salari\u00e9s-es du secteur priv\u00e9 \u2026 et nous avons gagn\u00e9 un v\u00e9lo \u00e0 assistance \u00e9lectrique\u00a0!!! V\u00e9lo Electrique eVICTORIA BOSCH Les modalit\u00e9s [&hellip;]<\/p>\n","protected":false},"author":2,"featured_media":23868,"parent":579,"menu_order":0,"comment_status":"open","ping_status":"closed","template":"","meta":{"footnotes":""},"class_list":["post-22774","page","type-page","status-publish","has-post-thumbnail","hentry"],"publishpress_future_action":{"enabled":false,"date":"2026-05-08 08:43:15","action":"change-status","newStatus":"draft","terms":[],"taxonomy":"category","extraData":[]},"publishpress_future_workflow_manual_trigger":{"enabledWorkflows":[]},"_links":{"self":[{"href":"https:\/\/www.ce-illkirch.fr\/wordpress\/wp-json\/wp\/v2\/pages\/22774","targetHints":{"allow":["GET"]}}],"collection":[{"href":"https:\/\/www.ce-illkirch.fr\/wordpress\/wp-json\/wp\/v2\/pages"}],"about":[{"href":"https:\/\/www.ce-illkirch.fr\/wordpress\/wp-json\/wp\/v2\/types\/page"}],"author":[{"embeddable":true,"href":"https:\/\/www.ce-illkirch.fr\/wordpress\/wp-json\/wp\/v2\/users\/2"}],"replies":[{"embeddable":true,"href":"https:\/\/www.ce-illkirch.fr\/wordpress\/wp-json\/wp\/v2\/comments?post=22774"}],"version-history":[{"count":55,"href":"https:\/\/www.ce-illkirch.fr\/wordpress\/wp-json\/wp\/v2\/pages\/22774\/revisions"}],"predecessor-version":[{"id":39376,"href":"https:\/\/www.ce-illkirch.fr\/wordpress\/wp-json\/wp\/v2\/pages\/22774\/revisions\/39376"}],"up":[{"embeddable":true,"href":"https:\/\/www.ce-illkirch.fr\/wordpress\/wp-json\/wp\/v2\/pages\/579"}],"wp:featuredmedia":[{"embeddable":true,"href":"https:\/\/www.ce-illkirch.fr\/wordpress\/wp-json\/wp\/v2\/media\/23868"}],"wp:attachment":[{"href":"https:\/\/www.ce-illkirch.fr\/wordpress\/wp-json\/wp\/v2\/media?parent=22774"}],"curies":[{"name":"wp","href":"https:\/\/api.w.org\/{rel}","templated":true}]}}

Vélo électrique

<p><b><a href="https://www.ce-illkirch.fr/wordpress/wp-content/uploads/2025/03/velo-electrique-victoria-e-trekking-88-2022.jpg"><img loading="lazy" decoding="async" class="wp-image-36886 alignleft" src="https://www.ce-illkirch.fr/wordpress/wp-content/uploads/2025/03/velo-electrique-victoria-e-trekking-88-2022.jpg" alt="" width="320" height="320" srcset="https://www.ce-illkirch.fr/wordpress/wp-content/uploads/2025/03/velo-electrique-victoria-e-trekking-88-2022.jpg 600w, https://www.ce-illkirch.fr/wordpress/wp-content/uploads/2025/03/velo-electrique-victoria-e-trekking-88-2022-300x300.jpg 300w, https://www.ce-illkirch.fr/wordpress/wp-content/uploads/2025/03/velo-electrique-victoria-e-trekking-88-2022-150x150.jpg 150w, https://www.ce-illkirch.fr/wordpress/wp-content/uploads/2025/03/velo-electrique-victoria-e-trekking-88-2022-250x250.jpg 250w, https://www.ce-illkirch.fr/wordpress/wp-content/uploads/2025/03/velo-electrique-victoria-e-trekking-88-2022-125x125.jpg 125w, https://www.ce-illkirch.fr/wordpress/wp-content/uploads/2025/03/velo-electrique-victoria-e-trekking-88-2022-64x64.jpg 64w, https://www.ce-illkirch.fr/wordpress/wp-content/uploads/2025/03/velo-electrique-victoria-e-trekking-88-2022-110x110.jpg 110w, https://www.ce-illkirch.fr/wordpress/wp-content/uploads/2025/03/velo-electrique-victoria-e-trekking-88-2022-420x420.jpg 420w, https://www.ce-illkirch.fr/wordpress/wp-content/uploads/2025/03/velo-electrique-victoria-e-trekking-88-2022-430x430.jpg 430w, https://www.ce-illkirch.fr/wordpress/wp-content/uploads/2025/03/velo-electrique-victoria-e-trekking-88-2022-120x120.jpg 120w" sizes="auto, (max-width: 320px) 100vw, 320px" /></a>CSE ALE : 1<sup>er</sup></b><b> dans la catégorie 101 à 500 salariés-es du secteur privé </b>… et nous avons gagné un <b>vélo à assistance électrique</b> !!!</p>
<p><strong>Vélo Electrique eVICTORIA BOSCH</strong></p>
<p>Les modalités sont :</p>
<ul>
<li>Une caution de 500€ par chèque (non encaissé) sera demandée pour le prêt</li>
<li>Le chargeur de batterie est fourni</li>
<li>Un antivol est fourni</li>
<li>Le casque n’est pas fourni, l’utilisation de votre casque personnel est recommandée</li>
<li>Le retrait et le dépôt du vélo se font auprès de Céline à la billetterie du CSE aux heures d’ouverture.</li>
<li>Location de 7 jours maximum, locations plus longues possibles s&rsquo;il n&rsquo;y a pas d&rsquo;autres demandes.</li>
</ul>
<p><strong>Tarif de location : </strong></p>
<ul>
<li>Eté (du 1er avril au 30 septembre)  : 1 € / jour</li>
<li>Hiver (du 1er octobre au 31 mars)  : 0,50 € /jour</li>
</ul>
<p><a href="https://www.ce-illkirch.fr/wordpress/wp-content/uploads/2026/04/VAE_planning260423.pdf">Planning</a></p>
<p><a href="https://www.ce-illkirch.fr/wordpress/wp-content/uploads/2018_05_Purion.pdf" target="_blank" rel="noopener">Notice du compteur</a></p>
<p>Inscription auprès de Céline.</p>

<p>CSE ALE : 1er dans la catégorie 101 à 500 salariés-es du secteur privé … et nous avons gagné un vélo à assistance électrique !!! Vélo Electrique eVICTORIA BOSCH Les modalités [&hellip;]</p>
