{"id":32015,"date":"2022-12-20T21:39:22","date_gmt":"2022-12-20T20:39:22","guid":{"rendered":"https:\/\/www.ce-illkirch.fr\/wordpress\/?page_id=32015"},"modified":"2025-05-09T12:54:57","modified_gmt":"2025-05-09T10:54:57","slug":"souscription-a-la-lettre-du-cse-illkirch","status":"publish","type":"page","link":"https:\/\/www.ce-illkirch.fr\/wordpress\/souscription-a-la-lettre-du-cse-illkirch\/","title":{"rendered":"Souscription"},"content":{"rendered":"\n<div class=\"wp-block-group has-central-palette-3-background-color has-background\"><div class=\"wp-block-group__inner-container is-layout-constrained wp-block-group-is-layout-constrained\">\n<div class=\"wp-block-group has-central-palette-5-color has-central-palette-3-background-color has-text-color has-background has-link-color wp-elements-263eb2552e8e5fe147d6ebabed873fe5\"><div class=\"wp-block-group__inner-container is-layout-constrained wp-block-group-is-layout-constrained\">\n<div style=\"height:25px\" aria-hidden=\"true\" class=\"wp-block-spacer\"><\/div>\n\n\n\n<h2 class=\"wp-block-heading has-text-align-center has-central-palette-5-color has-central-palette-3-background-color has-text-color has-background has-link-color wp-elements-50754d928448eadce886762f602b0e9a\">Gestion de la newsletter du CSE ALE Illkirch<\/h2>\n<\/div><\/div>\n\n\n\n<div class=\"wp-block-columns are-vertically-aligned-center is-layout-flex wp-container-core-columns-is-layout-9d6595d7 wp-block-columns-is-layout-flex\">\n<div class=\"wp-block-column is-vertically-aligned-center is-layout-flow wp-block-column-is-layout-flow\" style=\"flex-basis:15%\"><\/div>\n\n\n\n<div class=\"wp-block-column is-vertically-aligned-center is-layout-flow wp-block-column-is-layout-flow\" style=\"flex-basis:70%\"><!-- Noptin Newsletter Plugin v4.2.6 - https:\/\/wordpress.org\/plugins\/newsletter-optin-box\/ --><div id=\"noptin-form-2__wrapper\" class=\"noptin-optin-main-wrapper noptin-form-id-32013 noptin-inpost-main-wrapper\" aria-labelledby=\"noptin-form-2__title\" ><style>.noptin-form-id-32013 .noptin-optin-form-wrapper .noptin-optin-form .noptin-form-footer {\n\tbackground-color: aliceblue;\n} #noptin-form-2__wrapper {--noptin-background-color: #b3daf2; --noptin-button-color: #fafafa; --noptin-button-text-color: #713f8c; --noptin-title-color: #713f8c; --noptin-description-color: #362559; --noptin-prefix-color: #313131; --noptin-note-color: #362559;}<\/style><div style=\"max-width:620px; min-height:280px;border-radius: 10px;border-width: 10px;border-color: #713f8c;\" class=\"noptin-optin-form-wrapper no-image\" ><!-- Form ID: 32013 --><form id=\"noptin-form-2\" class=\"noptin-optin-form noptin-form-new-line noptin-label-hide noptin-form-2\" method=\"post\" novalidate >\t\t\t\t\t<div class=\"noptin-form-header no-image\">\n\t\t\t\t\t\t\t\t\t\t\t\t<div class=\"noptin-form-header-text\">\n\n\t\t\t\t\t\t\t\n\t\t\t\t\t\t\t\t\t\t\t\t\t\t\t<div style=\"color: #713f8c;font-size: 30px; font-weight: 600; line-height: 1.5; font-style: normal;\" class=\"noptin-form-heading\">\n\t\t\t\t\t\t\t\t\tInscription \u00e0 la newsletter\t\t\t\t\t\t\t\t<\/div>\n\t\t\t\t\t\t\t\n\t\t\t\t\t\t\t\t\t\t\t\t\t\t\t<div style=\"color: #362559;font-size: 16px; font-weight: 400; line-height: 1.5; font-style: normal;\" class=\"noptin-form-description\">\n\t\t\t\t\t\t\t\t\tNous sommes ravis de vous compter parmis nous. Merci de saisir vos informations, d'accepter la politique de confidentialit\u00e9 et de valider le bouton \"S'abonner \u00e0 la newsletter\"\t\t\t\t\t\t\t\t<\/div>\n\t\t\t\t\t\t\t\n\t\t\t\t\t\t<\/div>\n\t\t\t\t\t\t\n\t\t\t\t\t\t\n\t\t\t\t\t<\/div>\n\t\t\t\t<div class=\"noptin-form-footer\"><div class=\"noptin-form-fields\">\t\t\t<div class=\"noptin-form-field-wrapper noptin-form-field-email noptin-optin-field-wrapper noptin-optin-field-email\" id=\"noptin-form-2__field-email--wrapper\" >\n\t\t<div class=\"noptin-field-email\">\n\t\t\t<label class=\"noptin-label\" for=\"noptin-form-2__field-email\">Votre adresse du courriel<\/label>\n\t\t\t<input name=\"noptin_fields[email]\" id=\"noptin-form-2__field-email\" type=\"email\" class=\"noptin-text noptin-form-field noptin-form-field__email noptin-form-field__has-no-placeholder\" placeholder=\"Votre adresse du courriel\" required \/>\n\n\t\t<\/div><\/div>\t\t\t<div class=\"noptin-form-field-wrapper noptin-form-field-last_name noptin-optin-field-wrapper noptin-optin-field-last_name\" id=\"noptin-form-2__field-last_name--wrapper\" >\n\t\t<div class=\"noptin-field-last_name\">\n\t\t\t<label class=\"noptin-label\" for=\"noptin-form-2__field-last_name\">Votre nom<\/label>\n\t\t\t<input name=\"noptin_fields[last_name]\" id=\"noptin-form-2__field-last_name\" type=\"text\" class=\"noptin-text noptin-form-field noptin-form-field__last_name noptin-form-field__has-no-placeholder\" placeholder=\"Votre nom\" required \/>\n\n\t\t<\/div><\/div>\t\t\t<div class=\"noptin-form-field-wrapper noptin-form-field-first_name noptin-optin-field-wrapper noptin-optin-field-first_name\" id=\"noptin-form-2__field-first_name--wrapper\" >\n\t\t<div class=\"noptin-field-first_name\">\n\t\t\t<label class=\"noptin-label\" for=\"noptin-form-2__field-first_name\">Votre pr\u00e9nom<\/label>\n\t\t\t<input name=\"noptin_fields[first_name]\" id=\"noptin-form-2__field-first_name\" type=\"text\" class=\"noptin-text noptin-form-field noptin-form-field__first_name noptin-form-field__has-no-placeholder\" placeholder=\"Votre pr\u00e9nom\" \/>\n\n\t\t<\/div><\/div>\t\t\t<div class=\"noptin-form-field-wrapper noptin-form-field-consent noptin-optin-field-wrapper noptin-optin-field-consent\" >\n\t\t\n\t\t<label>\n\t\t\t<input\n\t\t\t\tname=\"GDPR_consent\"\n\t\t\t\ttype='checkbox'\n\t\t\t\tvalue='1'\n\t\t\t\tclass='noptin-checkbox-form-field noptin-gdpr-checkbox-wrapper'\n\t\t\t\trequired=\"required\"\n\t\t\t\/><span>Je consens \u00e0 recevoir des courriels du CSE ALE Illkirch<\/span>\n\t\t<\/label>\n\t\t<\/div>\t\t\t<div class=\"noptin-form-field-wrapper noptin-form-field-submit noptin-optin-field-wrapper noptin-optin-field-submit\" >\n\t\t\n\t\t\t<input type=\"submit\" id=\"noptin-form-2__submit\" class=\"noptin-form-submit btn button btn-primary button-primary wp-element-button noptin-form-button-block\" name=\"noptin-submit\" value=\"Oui, je souhaite m&#039;abonner\" style=\"background-color: #fafafa;color: #713f8c;\"  \/>\n\n\t\t<\/div><\/div>\t\t\t\t\t\t\t<div style=\"color: #362559;font-size: 14px; font-weight: 400; line-height: 1;\" class=\"noptin-form-note\">\n\t\t\t\t\tEn vous abonnant, vous acceptez notre <a href=\"\">politique de confidentialit\u00e9<\/a>.\t\t\t\t<\/div>\n\t\t\t\t\t\t<div class=\"noptin-form-notice noptin-response\" role=\"alert\"><\/div>\n\t\t\t<\/div>\n\t\t\t<input type=\"hidden\" name=\"noptin_element_id\" value=\"2\" \/><input type=\"hidden\" name=\"source\" value=\"32013\" \/><input type=\"hidden\" name=\"form_action\" value=\"subscribe\" \/><input type=\"hidden\" name=\"noptin-config\" value=\"m1dZGostQwiZF2teS9G2EzPiPxgumg5HYwBHrjCNpdNm1LnpbAf6r2wY67anQJJ4\" \/><input type=\"hidden\" name=\"noptin_form_id\" value=\"32013\" \/><\/form><\/div><!-- \/Form ID: 32013 --><\/div><!-- \/ Noptin Newsletter Plugin -->\n\n\n\n<p style=\"font-size:14px\">Pensez \u00e0 cliquer sur le bouton \u00ab\u00a0Oui, je souhaite m&rsquo;abonner\u00a0\u00bb pour valider votre inscription. Vous allez recevoir un email de confirmation, si vous ne voyez pas de message dans votre boite de r\u00e9ception, v\u00e9rifier le r\u00e9pertoire Spam.<\/p>\n<\/div>\n\n\n\n<div class=\"wp-block-column is-vertically-aligned-center is-layout-flow wp-block-column-is-layout-flow\" style=\"flex-basis:15%\"><\/div>\n<\/div>\n\n\n\n<div class=\"wp-block-group has-central-palette-3-background-color has-background\"><div class=\"wp-block-group__inner-container is-layout-constrained wp-block-group-is-layout-constrained\">\n<div style=\"height:50px\" aria-hidden=\"true\" class=\"wp-block-spacer\"><\/div>\n<\/div><\/div>\n<\/div><\/div>\n","protected":false},"excerpt":{"rendered":"<p>Gestion de la newsletter du CSE ALE Illkirch Pensez \u00e0 cliquer sur le bouton \u00ab\u00a0Oui, je souhaite m&rsquo;abonner\u00a0\u00bb pour valider votre inscription. Vous allez recevoir un email de confirmation, si [&hellip;]<\/p>\n","protected":false},"author":25,"featured_media":0,"parent":0,"menu_order":0,"comment_status":"closed","ping_status":"closed","template":"","meta":{"footnotes":""},"class_list":["post-32015","page","type-page","status-publish","hentry"],"publishpress_future_action":{"enabled":false,"date":"2026-05-15 16:13:39","action":"change-status","newStatus":"draft","terms":[],"taxonomy":"category","extraData":[]},"publishpress_future_workflow_manual_trigger":{"enabledWorkflows":[]},"_links":{"self":[{"href":"https:\/\/www.ce-illkirch.fr\/wordpress\/wp-json\/wp\/v2\/pages\/32015","targetHints":{"allow":["GET"]}}],"collection":[{"href":"https:\/\/www.ce-illkirch.fr\/wordpress\/wp-json\/wp\/v2\/pages"}],"about":[{"href":"https:\/\/www.ce-illkirch.fr\/wordpress\/wp-json\/wp\/v2\/types\/page"}],"author":[{"embeddable":true,"href":"https:\/\/www.ce-illkirch.fr\/wordpress\/wp-json\/wp\/v2\/users\/25"}],"replies":[{"embeddable":true,"href":"https:\/\/www.ce-illkirch.fr\/wordpress\/wp-json\/wp\/v2\/comments?post=32015"}],"version-history":[{"count":13,"href":"https:\/\/www.ce-illkirch.fr\/wordpress\/wp-json\/wp\/v2\/pages\/32015\/revisions"}],"predecessor-version":[{"id":37370,"href":"https:\/\/www.ce-illkirch.fr\/wordpress\/wp-json\/wp\/v2\/pages\/32015\/revisions\/37370"}],"wp:attachment":[{"href":"https:\/\/www.ce-illkirch.fr\/wordpress\/wp-json\/wp\/v2\/media?parent=32015"}],"curies":[{"name":"wp","href":"https:\/\/api.w.org\/{rel}","templated":true}]}}