{"id":3312,"date":"2021-02-23T13:34:45","date_gmt":"2021-02-23T12:34:45","guid":{"rendered":"http:\/\/www.ce-illkirch.fr\/wordpress\/?page_id=3312"},"modified":"2023-07-06T13:12:32","modified_gmt":"2023-07-06T11:12:32","slug":"ecologie","status":"publish","type":"page","link":"https:\/\/www.ce-illkirch.fr\/wordpress\/ecologie\/","title":{"rendered":"Ecologie"},"content":{"rendered":"<p><a href=\"http:\/\/www.ce-illkirch.fr\/wordpress\/wp-content\/uploads\/4saisons_jv2011.jpg\"><img loading=\"lazy\" decoding=\"async\" class=\"alignleft size-thumbnail wp-image-3376\" title=\"4saisons_jv2011\" src=\"http:\/\/www.ce-illkirch.fr\/wordpress\/wp-content\/uploads\/4saisons_jv2011-120x150.jpg\" alt=\"Quatre saisons du jardin bio janvier 2011\" width=\"120\" height=\"150\" \/><\/a>Cette rubrique est destin\u00e9e \u00e0 partager des liens ou infos int\u00e9ressants sur tout ce qui touche \u00e0 l&rsquo;\u00e9cologie ou au d\u00e9veloppement durable.<\/p>\n<p>La m\u00e9diath\u00e8que du CSE est abonn\u00e9e \u00e0 l&rsquo;excellent bimestriel \u00ab\u00a0<strong><a href=\"http:\/\/www.terrevivante.org\/11-le-magazine.htm\">les 4 saisons, jardin bio, permaculture, alternatives<\/a><\/strong>\u00ab\u00a0, \u00e9dit\u00e9 par les <a href=\"http:\/\/terrevivante.org\">\u00e9ditions Terre Vivante<\/a>. Leur site est la r\u00e9f\u00e9rence pour le <strong>jardinage<\/strong> biologique, mais aussi pour l&rsquo;<strong>habitat sain<\/strong>. Venez consulter le dernier num\u00e9ro ou emprunter un ancien.<\/p>\n<p><a href=\"https:\/\/fermesaintandre.com\/\"><strong>La Ferme<\/strong> <strong>Saint-Andr\u00e9<\/strong><\/a> est une entreprise d&rsquo;insertion et une ferme en agriculture biologique, qui livre des <strong>paniers de l\u00e9gumes<\/strong> \u00e0 domicile<\/p>\n<p><a href=\"http:\/\/www.jardingourmand.com\/\">Jardin Gourmand<\/a> : G\u00e9rard Verret vous accueille \u00e0 Lalaye (Val de Vill\u00e9) pour vous faire d\u00e9couvrir les <strong>plantes sauvages<\/strong>, apprendre \u00e0 les reconna\u00eetre, \u00e0 les cuisiner, les conserver&#8230; et vous raconter des histoires !<\/p>\n<p><strong><a title=\"Centre d&#039;inititation \u00e0 l&#039;agro\u00e9cologie \u00e0 Erstein\" href=\"https:\/\/canopterre.fr\/\" target=\"_blank\" rel=\"noopener\">CanopTerre<\/a><\/strong> : centre d&rsquo;initiation \u00e0 l&rsquo;agro\u00e9cologie \u00e0 Erstein, organise des stages pour apprendre le jardinage bio, pour petits et grands.<\/p>\n<p><strong><a href=\"https:\/\/www.amisdelaterre.org\/nos-thematiques\/finances\/\">Finance responsable <\/a><\/strong>: que font les banques de l&rsquo;argent que nous mettons sur notre compte courant, ou sur un livret l&rsquo;\u00e9pargne ? De salutaires questions \u00e0 se poser, des \u00e9l\u00e9ments de r\u00e9ponse donn\u00e9s par les Amis de la Terre.<\/p>\n<p><a href=\"http:\/\/www.novethic.fr\">Novethic <\/a>le media expert du d\u00e9veloppement durable. Centre de recherche sur l&rsquo;<strong>Investissement Socialement Responsable<\/strong> (ISR) et la <strong>Responsabilit\u00e9 Sociale des Entreprises<\/strong> (RSE).<\/p>\n<p><strong><a href=\"https:\/\/www.gate17.fr\/\">Gate17<\/a> <\/strong>cabinet\u00a0de conseil aux repr\u00e9sentants\u00a0du personnel\u00a0d\u00e9di\u00e9 \u00e0 leurs pr\u00e9rogatives environnementales<\/p>\n<p><strong><a href=\"https:\/\/www.reseaufeve.fr\/\">R\u00e9seauFeve<\/a><\/strong>. Depuis 2015 le R\u00e9seau FEVE forme et accompagne les salari\u00e9s volontaires dans la cr\u00e9ation de collectifs autonomes pour concr\u00e9tiser leurs envies d\u2019agir autour la transition \u00e9cologique et solidaire.<\/p>\n<p><a href=\"https:\/\/carboneetsens.fr\/\"><strong>Carbone<\/strong> <strong>Et Sens<\/strong>\u00a0<\/a>: en partenariat avec l\u2019Institut n\u00e9gaWatt, Carbone &amp; Sens d\u00e9ploie les <a href=\"https:\/\/carboneetsens.fr\/conversations-carbone-en-france\/\">Conversations Carbone<\/a> avec des offres r\u00e9pondant aux besoins identifi\u00e9s en entreprise, sur les territoires, en milieu scolaire, dans les r\u00e9seaux associatifs.<\/p>\n<p><strong><a href=\"http:\/\/www.carbone4.com\/\">Carbone4<\/a><\/strong>\u00a0 cabinet de conseil sp\u00e9cialis\u00e9 dans la strat\u00e9gie bas carbone et l\u2019adaptation au changement climatique. Outil de d\u00e9couverte de son <strong>empreinte carbone <\/strong>personnelle: <a href=\"http:\/\/www.carbone4.com\/myco2\/\">http:\/\/www.carbone4.com\/myco2\/<\/a><\/p>\n","protected":false},"excerpt":{"rendered":"<p>Cette rubrique est destin\u00e9e \u00e0 partager des liens ou infos int\u00e9ressants sur tout ce qui touche \u00e0 l&rsquo;\u00e9cologie ou au d\u00e9veloppement durable. La m\u00e9diath\u00e8que du CSE est abonn\u00e9e \u00e0 l&rsquo;excellent [&hellip;]<\/p>\n","protected":false},"author":2,"featured_media":0,"parent":0,"menu_order":13,"comment_status":"open","ping_status":"closed","template":"","meta":{"footnotes":""},"class_list":["post-3312","page","type-page","status-publish","hentry"],"publishpress_future_action":{"enabled":false,"date":"2026-04-12 18:07:36","action":"change-status","newStatus":"draft","terms":[],"taxonomy":"category","extraData":[]},"publishpress_future_workflow_manual_trigger":{"enabledWorkflows":[]},"_links":{"self":[{"href":"https:\/\/www.ce-illkirch.fr\/wordpress\/wp-json\/wp\/v2\/pages\/3312","targetHints":{"allow":["GET"]}}],"collection":[{"href":"https:\/\/www.ce-illkirch.fr\/wordpress\/wp-json\/wp\/v2\/pages"}],"about":[{"href":"https:\/\/www.ce-illkirch.fr\/wordpress\/wp-json\/wp\/v2\/types\/page"}],"author":[{"embeddable":true,"href":"https:\/\/www.ce-illkirch.fr\/wordpress\/wp-json\/wp\/v2\/users\/2"}],"replies":[{"embeddable":true,"href":"https:\/\/www.ce-illkirch.fr\/wordpress\/wp-json\/wp\/v2\/comments?post=3312"}],"version-history":[{"count":10,"href":"https:\/\/www.ce-illkirch.fr\/wordpress\/wp-json\/wp\/v2\/pages\/3312\/revisions"}],"predecessor-version":[{"id":33480,"href":"https:\/\/www.ce-illkirch.fr\/wordpress\/wp-json\/wp\/v2\/pages\/3312\/revisions\/33480"}],"wp:attachment":[{"href":"https:\/\/www.ce-illkirch.fr\/wordpress\/wp-json\/wp\/v2\/media?parent=3312"}],"curies":[{"name":"wp","href":"https:\/\/api.w.org\/{rel}","templated":true}]}}