{"id":343,"date":"2020-08-31T09:17:57","date_gmt":"2020-08-31T07:17:57","guid":{"rendered":"http:\/\/www.ce-illkirch.fr\/wordpress\/?page_id=343"},"modified":"2026-04-14T11:27:14","modified_gmt":"2026-04-14T09:27:14","slug":"tennis-de-table","status":"publish","type":"page","link":"https:\/\/www.ce-illkirch.fr\/wordpress\/club_sportif\/tennis-de-table\/","title":{"rendered":"Tennis de Table"},"content":{"rendered":"<p><a href=\"https:\/\/www.ce-illkirch.fr\/wordpress\/wp-content\/uploads\/2026\/03\/2603tennistable.png\"><img loading=\"lazy\" decoding=\"async\" class=\"size-medium wp-image-39038 alignleft\" src=\"https:\/\/www.ce-illkirch.fr\/wordpress\/wp-content\/uploads\/2026\/03\/2603tennistable-300x200.png\" alt=\"\" width=\"300\" height=\"200\" srcset=\"https:\/\/www.ce-illkirch.fr\/wordpress\/wp-content\/uploads\/2026\/03\/2603tennistable-300x200.png 300w, https:\/\/www.ce-illkirch.fr\/wordpress\/wp-content\/uploads\/2026\/03\/2603tennistable-1024x683.png 1024w, https:\/\/www.ce-illkirch.fr\/wordpress\/wp-content\/uploads\/2026\/03\/2603tennistable-768x512.png 768w, https:\/\/www.ce-illkirch.fr\/wordpress\/wp-content\/uploads\/2026\/03\/2603tennistable-110x73.png 110w, https:\/\/www.ce-illkirch.fr\/wordpress\/wp-content\/uploads\/2026\/03\/2603tennistable-420x280.png 420w, https:\/\/www.ce-illkirch.fr\/wordpress\/wp-content\/uploads\/2026\/03\/2603tennistable-645x430.png 645w, https:\/\/www.ce-illkirch.fr\/wordpress\/wp-content\/uploads\/2026\/03\/2603tennistable.png 1536w\" sizes=\"auto, (max-width: 300px) 100vw, 300px\" \/><\/a>La section tennis de table compte actuellement 6 joueurs licenci\u00e9s (de gauche \u00e0 droite\u00a0: Emmanuel Hiegel , Denis Barlement, Jean-Claude Boes (capitaine), Thierry Lamy, Yann Cousinard et Jacques Ho Chi Hoou.<\/p>\n<p>Actuellement, seule une \u00e9quipe est engag\u00e9e dans le championnat corporatif et elle \u00e9volue en D\u00e9partementale 2.<\/p>\n<p>La section corporative de tennis de table est affili\u00e9e \u00e0 la Ligue du Grand Est de Tennis de Table (LGETT). Son si\u00e8ge est \u00e0 Tomblaine (commune pr\u00e8s de Nancy) et elle fait partie de la F\u00e9d\u00e9ration Fran\u00e7aise de Tennis de Table (FFTT).<\/p>\n<p>La section corporative du Bas-Rhin comprend 2 divisions \u2013 la D\u00e9partementale 1 et 2.<\/p>\n<p>Chaque \u00e9quipe de D\u00e9partementale est compos\u00e9e de 3 joueurs et chaque joueur joue contre les 3 autres joueurs adverses ainsi qu&rsquo;un double, ce qui fait 10 matchs en tout.<\/p>\n<p>Les matchs se d\u00e9roulent en 3 sets gagnants de 11 points chacun.<\/p>\n<p>La pratique du tennis de table peut se faire \u00e0 tout \u00e2ge et permet de maintenir une activit\u00e9 physique tout en prenant plaisir \u00e0 jouer au \u00ab\u00a0ping-pong\u00a0\u00bb.<\/p>\n<p>Alors n\u2019h\u00e9sitez pas \u00e0 nous rejoindre pour retrouver les plaisirs de ce jeu et les bienfaits d\u2019un sport accessible \u00e0 tous.<\/p>\n<p><strong>Lieu d\u2019entrainement et de comp\u00e9tition : Gymnase des 4 Vents \u00e0 Illkirch (\u00e0 cot\u00e9 du Cr\u00e9dit Mutuel de la route de Lyon) &#8211; tous les mardis \u00e0 20h.<\/strong><\/p>\n<p><strong>Pour tout renseignement suppl\u00e9mentaire, vous pouvez contacter\u00a0:\u00a0\u00a0 <em><u>Denis Barlement\u00a0 au\u00a0 21877074<\/u><\/em><\/strong><\/p>\n<p>Ici une petite vid\u00e9o (parmi tant d\u2019autres) pour contempler le tennis de table de haut niveau et d&rsquo;autre :\u00a0<a href=\"https:\/\/www.youtube.com\/watch?v=kTHIl2hfg4w\">https:\/\/www.youtube.com\/watch?v=kTHIl2hfg4w<\/a><\/p>\n<p>Pour l\u2019histoire et l\u2019\u00e9volution du tennis de table je vous conseille de lire l\u2019article sur\u00a0: <a href=\"http:\/\/fr.wikipedia.org\/wiki\/Tennis_de_table\">http:\/\/fr.wikipedia.org\/wiki\/Tennis_de_table<\/a> , qui est tr\u00e8s bien fait.<\/p>\n<p><u>Et un petit Quiz\u00a0TT pour finir\u00a0: <\/u><\/p>\n<ul>\n<li>Quelle est la hauteur du filet ( 10,45 cm \u2013 15,25 cm \u2013 20,35 cm )<\/li>\n<li>Quel est le diam\u00e8tre d\u2019une balle ( 38 mm \u2013 40 mm \u2013 42 mm )<\/li>\n<li>Les origines du tennis de table sont ( chinois \u2013 anglais \u2013 am\u00e9ricain )<\/li>\n<li>Quelle couleur d\u2019un rev\u00eatement est obligatoire ( bleu \u2013 blanc \u2013 rouge \u2013 noir )<\/li>\n<li>Un rev\u00eatement \u00ab\u00a0backside\u00a0\u00bb a des picots ( courts \u2013 retourn\u00e9s \u2013 longs )<\/li>\n<\/ul>\n<p>Toutes les r\u00e9ponses se trouvent sur\u00a0: <a href=\"http:\/\/fr.wikipedia.org\/wiki\/Tennis_de_table\">http:\/\/fr.wikipedia.org\/wiki\/Tennis_de_table<\/a><\/p>\n","protected":false},"excerpt":{"rendered":"<p>La section tennis de table compte actuellement 6 joueurs licenci\u00e9s (de gauche \u00e0 droite\u00a0: Emmanuel Hiegel , Denis Barlement, Jean-Claude Boes (capitaine), Thierry Lamy, Yann Cousinard et Jacques Ho Chi [&hellip;]<\/p>\n","protected":false},"author":2,"featured_media":27460,"parent":73,"menu_order":15,"comment_status":"closed","ping_status":"closed","template":"","meta":{"footnotes":""},"class_list":["post-343","page","type-page","status-publish","has-post-thumbnail","hentry"],"publishpress_future_action":{"enabled":false,"date":"2026-05-17 14:30:10","action":"change-status","newStatus":"draft","terms":[],"taxonomy":"category","extraData":[]},"publishpress_future_workflow_manual_trigger":{"enabledWorkflows":[]},"_links":{"self":[{"href":"https:\/\/www.ce-illkirch.fr\/wordpress\/wp-json\/wp\/v2\/pages\/343","targetHints":{"allow":["GET"]}}],"collection":[{"href":"https:\/\/www.ce-illkirch.fr\/wordpress\/wp-json\/wp\/v2\/pages"}],"about":[{"href":"https:\/\/www.ce-illkirch.fr\/wordpress\/wp-json\/wp\/v2\/types\/page"}],"author":[{"embeddable":true,"href":"https:\/\/www.ce-illkirch.fr\/wordpress\/wp-json\/wp\/v2\/users\/2"}],"replies":[{"embeddable":true,"href":"https:\/\/www.ce-illkirch.fr\/wordpress\/wp-json\/wp\/v2\/comments?post=343"}],"version-history":[{"count":8,"href":"https:\/\/www.ce-illkirch.fr\/wordpress\/wp-json\/wp\/v2\/pages\/343\/revisions"}],"predecessor-version":[{"id":39039,"href":"https:\/\/www.ce-illkirch.fr\/wordpress\/wp-json\/wp\/v2\/pages\/343\/revisions\/39039"}],"up":[{"embeddable":true,"href":"https:\/\/www.ce-illkirch.fr\/wordpress\/wp-json\/wp\/v2\/pages\/73"}],"wp:featuredmedia":[{"embeddable":true,"href":"https:\/\/www.ce-illkirch.fr\/wordpress\/wp-json\/wp\/v2\/media\/27460"}],"wp:attachment":[{"href":"https:\/\/www.ce-illkirch.fr\/wordpress\/wp-json\/wp\/v2\/media?parent=343"}],"curies":[{"name":"wp","href":"https:\/\/api.w.org\/{rel}","templated":true}]}}