{"id":35,"date":"2019-10-03T09:20:51","date_gmt":"2019-10-03T07:20:51","guid":{"rendered":"http:\/\/www.ce-illkirch.fr\/wordpress\/?page_id=35"},"modified":"2026-04-14T11:25:12","modified_gmt":"2026-04-14T09:25:12","slug":"tourisme","status":"publish","type":"page","link":"https:\/\/www.ce-illkirch.fr\/wordpress\/tourisme\/","title":{"rendered":"Tourisme"},"content":{"rendered":"<p><a href=\"https:\/\/www.ce-illkirch.fr\/wordpress\/wp-content\/uploads\/2025\/08\/2508_tourisme_reglement.pdf\">R\u00e8glement de la Commission Tourisme mars 2025<\/a><\/p>\n<p><strong>La commission Tourisme met \u00e0 votre disposition une offre de locations diversifi\u00e9e, \u00e0 un tarif n\u00e9goci\u00e9 pour la plupart d&rsquo;entre elles.\u00a0 Pour les locations : remboursement sur pr\u00e9sentation de facture <a href=\"https:\/\/www.ce-illkirch.fr\/wordpress\/tourisme\/catalogues\/\">d\u00e9tails<\/a>. Chaque ann\u00e9e, nous organisons \u00e9galement quelques voyages et\/ou week-end. Pour plus d&rsquo;infos contactez C. Sigaud, responsable de la Commission Tourisme<\/strong>.<\/p>\n<p>La liste des membres de la commission : sur le\u00a0site intranet\u00a0du CSE.<\/p>\n<p><strong>Plusieurs rubriques :<\/strong><\/p>\n<ul>\n<li><a href=\"https:\/\/www.ce-illkirch.fr\/wordpress\/tourisme\/catalogues\/\" target=\"_blank\" rel=\"noopener\"><strong>Catalogues\/locations<\/strong><\/a> : locations par un prestataire catalogues ou particulier &#8211; coordonn\u00e9es &#8211; codes groupe &#8211; formulaires<\/li>\n<li><strong><a href=\"http:\/\/www.ce-illkirch.fr\/wordpress\/tourisme\/voyages\/\" target=\"_blank\" rel=\"noopener\">Voyages<\/a> \/ <a href=\"http:\/\/www.ce-illkirch.fr\/wordpress\/tourisme\/week-end\/\" target=\"_blank\" rel=\"noopener\">WE<\/a><\/strong> propos\u00e9s par la commission tourisme<\/li>\n<\/ul>\n<p>Pour toutes ces activit\u00e9s vous profitez d&rsquo;une subvention CSE, selon vos revenus.\u00a0 <a href=\"http:\/\/www.ce-illkirch.fr\/wordpress\/?page_id=266\" target=\"_blank\" rel=\"noopener\">R\u00e8gles de subvention<\/a><br \/>\nContact : C\u00e9line Westphal ou Wanita Anthonee<\/p>\n<p><strong>L&rsquo;exercice annuel court du 1er octobre au 30 septembre. Pour b\u00e9n\u00e9ficier d&rsquo;une subvention sup\u00e9rieure au plancher il faut pr\u00e9senter chaque ann\u00e9e les feuilles d&rsquo;imp\u00f4t du foyer.<\/strong><\/p>\n<p>Pour les salari\u00e9s ext\u00e9rieurs, vous pouvez acc\u00e9der aux diff\u00e9rents services du CSE sous condition de cotiser \u00e0 hauteur de 20 \u20ac par an.<\/p>\n<p><strong>Inscription et paiement au CSE pendant les permanences : de 12h30 \u00e0 13h30<br \/>\n<\/strong><\/p>\n<p><strong>Des questions ? Des suggestions ? Nous sommes disponibles pour en discuter lors de la permanence Tourisme.<\/strong><\/p>\n","protected":false},"excerpt":{"rendered":"<p>R\u00e8glement de la Commission Tourisme mars 2025 La commission Tourisme met \u00e0 votre disposition une offre de locations diversifi\u00e9e, \u00e0 un tarif n\u00e9goci\u00e9 pour la plupart d&rsquo;entre elles.\u00a0 Pour les [&hellip;]<\/p>\n","protected":false},"author":2,"featured_media":0,"parent":0,"menu_order":4,"comment_status":"open","ping_status":"closed","template":"","meta":{"footnotes":""},"class_list":["post-35","page","type-page","status-publish","hentry"],"publishpress_future_action":{"enabled":false,"date":"2026-04-24 06:22:59","action":"change-status","newStatus":"draft","terms":[],"taxonomy":"category","extraData":[]},"publishpress_future_workflow_manual_trigger":{"enabledWorkflows":[]},"_links":{"self":[{"href":"https:\/\/www.ce-illkirch.fr\/wordpress\/wp-json\/wp\/v2\/pages\/35","targetHints":{"allow":["GET"]}}],"collection":[{"href":"https:\/\/www.ce-illkirch.fr\/wordpress\/wp-json\/wp\/v2\/pages"}],"about":[{"href":"https:\/\/www.ce-illkirch.fr\/wordpress\/wp-json\/wp\/v2\/types\/page"}],"author":[{"embeddable":true,"href":"https:\/\/www.ce-illkirch.fr\/wordpress\/wp-json\/wp\/v2\/users\/2"}],"replies":[{"embeddable":true,"href":"https:\/\/www.ce-illkirch.fr\/wordpress\/wp-json\/wp\/v2\/comments?post=35"}],"version-history":[{"count":24,"href":"https:\/\/www.ce-illkirch.fr\/wordpress\/wp-json\/wp\/v2\/pages\/35\/revisions"}],"predecessor-version":[{"id":39275,"href":"https:\/\/www.ce-illkirch.fr\/wordpress\/wp-json\/wp\/v2\/pages\/35\/revisions\/39275"}],"wp:attachment":[{"href":"https:\/\/www.ce-illkirch.fr\/wordpress\/wp-json\/wp\/v2\/media?parent=35"}],"curies":[{"name":"wp","href":"https:\/\/api.w.org\/{rel}","templated":true}]}}