{"id":380,"date":"2010-02-18T12:00:36","date_gmt":"2010-02-18T11:00:36","guid":{"rendered":"http:\/\/www.ce-illkirch.fr\/wordpress\/?page_id=380"},"modified":"2025-06-19T14:46:41","modified_gmt":"2025-06-19T12:46:41","slug":"athletisme","status":"publish","type":"page","link":"https:\/\/www.ce-illkirch.fr\/wordpress\/club_sportif\/athletisme\/","title":{"rendered":"Athl\u00e9tisme"},"content":{"rendered":"<p style=\"text-align: justify;\"><strong><a href=\"http:\/\/www.ce-illkirch.fr\/wordpress\/wp-content\/uploads\/athletisme.jpg\"><img loading=\"lazy\" decoding=\"async\" class=\"alignleft size-thumbnail wp-image-381\" title=\"athletisme\" src=\"http:\/\/www.ce-illkirch.fr\/wordpress\/wp-content\/uploads\/athletisme-150x150.jpg\" alt=\"\" width=\"150\" height=\"150\" \/><\/a><\/strong><em>L\u2019 activit\u00e9 de la section Athl\u00e9tisme d\u2019ASALI consiste en la pratique de la course \u00e0 pied sous toutes ses formes : courses sur route de toutes distances du 5 km au marathon, cross, courses de montagne, courses natures, raids et trails et s\u2019adresse \u00e0 toutes les cat\u00e9gories d\u2019\u00e2ges \u00e0 commencer par les enfants des employ\u00e9s jusqu\u2019aux retrait\u00e9s qui sont nombreux \u00e0 rester actifs.<\/em><\/p>\n<p><em>La course \u00e0 pied est le sport de base qui peut se pratiquer sans contraintes, avec un \u00e9quipement minimum et peu de frais, en solitaire ou en groupe et ceci en toutes saisons. En m\u00eame temps qu\u2019elle permet d\u2019\u00eatre en contact avec la nature, c\u2019est aussi un des rares sport o\u00f9 l\u2019on peut c\u00f4toyer dans la m\u00eame course des grands champions. C\u2019est ainsi que la section permet aux employ\u00e9s du site de participer \u00e0 de nombreuses comp\u00e9titions tout au long de l\u2019ann\u00e9e, et pour ne citer que quelques unes des \u00e9preuves les plus populaires : Planning<\/em><\/p>\n<p><em>\u00a0<\/em><\/p>\n<p><em>les courses de Strasbourg,<\/em><\/p>\n<p><em>les foul\u00e9es des 4 portes de Rosheim,<\/em><\/p>\n<p><em>la corrida d\u2019Illkirch<\/em><\/p>\n<p><em>\u00a0<\/em><em>Au cours de l\u2019ann\u00e9e 2022, plus de 50 coureurs et coureuses ont pu participer \u00e0 des comp\u00e9titions diverses, sponsoris\u00e9es par ASALI.<\/em><\/p>\n<p><em>Pour ceux qui le souhaitent, il est possible d\u2019organiser des sorties en groupe entre midi et deux afin de parcourir ensemble les sentiers de la for\u00eat d\u2019Illkirch.<\/em><\/p>\n<p><em>Que ce soit simplement pour partager des moments entre coll\u00e8gues ou si vous avez l\u2019ambition de participer \u00e0 des courses, venez nous rejoindre avec votre famille. N\u2019h\u00e9sitez pas \u00e0 nous contacter pour plus d\u2019informations ou si vous voulez figurer sur la liste de diffusion par mail de la section athl\u00e9tisme.<\/em><\/p>\n<p style=\"text-align: right;\"><strong><em>\u00a0<\/em><em>Claire Dechrist\u00e9 (course sur route)<\/em><\/strong><\/p>\n<p style=\"text-align: right;\"><strong><em>Alexandre Trentesaux (trail)<\/em><\/strong><\/p>\n<p style=\"text-align: right;\"><strong>\u00a0<\/strong><\/p>\n","protected":false},"excerpt":{"rendered":"<p>L\u2019 activit\u00e9 de la section Athl\u00e9tisme d\u2019ASALI consiste en la pratique de la course \u00e0 pied sous toutes ses formes : courses sur route de toutes distances du 5 km [&hellip;]<\/p>\n","protected":false},"author":2,"featured_media":0,"parent":73,"menu_order":2,"comment_status":"closed","ping_status":"closed","template":"","meta":{"footnotes":""},"class_list":["post-380","page","type-page","status-publish","hentry"],"publishpress_future_action":{"enabled":false,"date":"2026-05-08 19:30:48","action":"change-status","newStatus":"draft","terms":[],"taxonomy":"category","extraData":[]},"publishpress_future_workflow_manual_trigger":{"enabledWorkflows":[]},"_links":{"self":[{"href":"https:\/\/www.ce-illkirch.fr\/wordpress\/wp-json\/wp\/v2\/pages\/380","targetHints":{"allow":["GET"]}}],"collection":[{"href":"https:\/\/www.ce-illkirch.fr\/wordpress\/wp-json\/wp\/v2\/pages"}],"about":[{"href":"https:\/\/www.ce-illkirch.fr\/wordpress\/wp-json\/wp\/v2\/types\/page"}],"author":[{"embeddable":true,"href":"https:\/\/www.ce-illkirch.fr\/wordpress\/wp-json\/wp\/v2\/users\/2"}],"replies":[{"embeddable":true,"href":"https:\/\/www.ce-illkirch.fr\/wordpress\/wp-json\/wp\/v2\/comments?post=380"}],"version-history":[{"count":6,"href":"https:\/\/www.ce-illkirch.fr\/wordpress\/wp-json\/wp\/v2\/pages\/380\/revisions"}],"predecessor-version":[{"id":37661,"href":"https:\/\/www.ce-illkirch.fr\/wordpress\/wp-json\/wp\/v2\/pages\/380\/revisions\/37661"}],"up":[{"embeddable":true,"href":"https:\/\/www.ce-illkirch.fr\/wordpress\/wp-json\/wp\/v2\/pages\/73"}],"wp:attachment":[{"href":"https:\/\/www.ce-illkirch.fr\/wordpress\/wp-json\/wp\/v2\/media?parent=380"}],"curies":[{"name":"wp","href":"https:\/\/api.w.org\/{rel}","templated":true}]}}

Athlétisme

<p style="text-align: justify;"><strong><a href="http://www.ce-illkirch.fr/wordpress/wp-content/uploads/athletisme.jpg"><img loading="lazy" decoding="async" class="alignleft size-thumbnail wp-image-381" title="athletisme" src="http://www.ce-illkirch.fr/wordpress/wp-content/uploads/athletisme-150x150.jpg" alt="" width="150" height="150" /></a></strong><em>L’ activité de la section Athlétisme d’ASALI consiste en la pratique de la course à pied sous toutes ses formes : courses sur route de toutes distances du 5 km au marathon, cross, courses de montagne, courses natures, raids et trails et s’adresse à toutes les catégories d’âges à commencer par les enfants des employés jusqu’aux retraités qui sont nombreux à rester actifs.</em></p>
<p><em>La course à pied est le sport de base qui peut se pratiquer sans contraintes, avec un équipement minimum et peu de frais, en solitaire ou en groupe et ceci en toutes saisons. En même temps qu’elle permet d’être en contact avec la nature, c’est aussi un des rares sport où l’on peut côtoyer dans la même course des grands champions. C’est ainsi que la section permet aux employés du site de participer à de nombreuses compétitions tout au long de l’année, et pour ne citer que quelques unes des épreuves les plus populaires : Planning</em></p>
<p><em> </em></p>
<p><em>les courses de Strasbourg,</em></p>
<p><em>les foulées des 4 portes de Rosheim,</em></p>
<p><em>la corrida d’Illkirch</em></p>
<p><em> </em><em>Au cours de l’année 2022, plus de 50 coureurs et coureuses ont pu participer à des compétitions diverses, sponsorisées par ASALI.</em></p>
<p><em>Pour ceux qui le souhaitent, il est possible d’organiser des sorties en groupe entre midi et deux afin de parcourir ensemble les sentiers de la forêt d’Illkirch.</em></p>
<p><em>Que ce soit simplement pour partager des moments entre collègues ou si vous avez l’ambition de participer à des courses, venez nous rejoindre avec votre famille. N’hésitez pas à nous contacter pour plus d’informations ou si vous voulez figurer sur la liste de diffusion par mail de la section athlétisme.</em></p>
<p style="text-align: right;"><strong><em> </em><em>Claire Dechristé (course sur route)</em></strong></p>
<p style="text-align: right;"><strong><em>Alexandre Trentesaux (trail)</em></strong></p>
<p style="text-align: right;"><strong> </strong></p>

<p>L’ activité de la section Athlétisme d’ASALI consiste en la pratique de la course à pied sous toutes ses formes : courses sur route de toutes distances du 5 km [&hellip;]</p>
