{"id":640,"date":"2010-03-08T17:00:51","date_gmt":"2010-03-08T16:00:51","guid":{"rendered":"http:\/\/www.ce-illkirch.fr\/wordpress\/?page_id=640"},"modified":"2026-04-14T11:27:49","modified_gmt":"2026-04-14T09:27:49","slug":"loisirs-subvention-theatre","status":"publish","type":"page","link":"https:\/\/www.ce-illkirch.fr\/wordpress\/loisirs-2\/loisirs-subvention-theatre\/","title":{"rendered":"Loisirs &#8211; Th\u00e9\u00e2tre &#038; concert \/ Presse"},"content":{"rendered":"<p><span style=\"color: #993300;\" data-mce-mark=\"1\"><strong><span style=\"color: #993300;\" data-mce-mark=\"1\">S<span style=\"color: #993300;\" data-mce-mark=\"1\">ubvention Th\u00e9\u00e2tre et Presse<br \/>\n<\/span><\/span><\/strong><\/span><\/p>\n<div>\n<p><span style=\"color: #993300;\" data-mce-mark=\"1\">Le CSE subventionne les abonnements culturels \u00e0\u00a033 %,\u00a0\u00e0 hauteur de\u00a0 500 \u20ac max, soit une subvention de 165 \u20ac max. La subvention est accord\u00e9e au salari\u00e9, conjoint et enfants \u00e0 charge <\/span>sur pr\u00e9sentation de facture.<\/p>\n<p>Structures culturelles :<\/p>\n<\/div>\n<p style=\"text-align: justify;\"><a href=\"https:\/\/www.tjp-strasbourg.com\/\" target=\"_blank\" rel=\"noopener\">Th\u00e9\u00e2tre Jeune Public<\/a>, <a href=\"http:\/\/www.tns.fr\/\" target=\"_blank\" rel=\"noopener\">Th\u00e9\u00e2tre National de Strasbourg<\/a>, <a href=\"https:\/\/maillon.eu\/privat_waiting\" target=\"_blank\" rel=\"noopener\">Maillon<\/a>, <a href=\"https:\/\/www.pole-sud.fr\/\" target=\"_blank\" rel=\"noopener\">P\u00f4le Sud<\/a>, <a href=\"https:\/\/tousensallegrandest.fr\/\" target=\"_blank\" rel=\"noopener\">C\u00e9zam Tous en salle<\/a>, <a href=\"https:\/\/www.ville-schiltigheim.fr\/culture-sports-et-loisirs\/culture\/saison-culturelle\/\" target=\"_blank\" rel=\"noopener\">Cheval Blanc<\/a>\u00a0Schiltigheim, <a href=\"https:\/\/www.taps.strasbourg.eu\/\" target=\"_blank\" rel=\"noopener\">TAPS<\/a>, <a href=\"https:\/\/lilliade.illkirch.eu\/\" target=\"_blank\" rel=\"noopener\">Illiade<\/a>\u00a0Illkirch, <a href=\"https:\/\/lepointdeau.com\/\" target=\"_blank\" rel=\"noopener\">Point d&rsquo;Eau<\/a>\u00a0Ostwald, <a href=\"http:\/\/espace-k.com\/\" target=\"_blank\" rel=\"noopener\">Espace K<\/a>, <a href=\"https:\/\/www.tanzmatten.fr\/\">Tanzmatten<\/a>\u00a0S\u00e9lestat, <a href=\"http:\/\/le-preo.fr\/fr\/Les-nouvelles-165.html\" target=\"_blank\" rel=\"noopener\">Pr\u00e9o <\/a>Oberhausbergen <a href=\"http:\/\/www.theatre-alsacien-strasbourg.fr\/\" target=\"_blank\" rel=\"noopener\">Th\u00e9\u00e2tre Alsacien<\/a>, <a href=\"https:\/\/www.philharmonique-strasbourg.com\/\" target=\"_blank\" rel=\"noopener\">Orchestre Philarmonique de Strasbourg<\/a>, <a href=\"http:\/\/www.operanationaldurhin.eu\/\" target=\"_blank\" rel=\"noopener\">Op\u00e9ra National du Rhin<\/a>, <a href=\"https:\/\/lediapason.vendenheim.fr\/\" target=\"_blank\" rel=\"noopener\">Vendenheim<\/a>, Espace Athic\u00a0Obernai,\u00a0<a href=\"https:\/\/www.trois14.org\/\" target=\"_blank\" rel=\"noopener\">Cube Noir<\/a> , <a href=\"http:\/\/www.espace-rohan.org\/\" target=\"_blank\" rel=\"noopener\">Espace Rohan,<\/a> <a href=\"https:\/\/www.espacedjango.eu\/\" target=\"_blank\" rel=\"noopener\">Django Reinhardt<\/a>&#8230;<\/p>\n<ul>\n<li>Le CSE subventionne \u00e9galement <strong>les billets de concert, spectacle<\/strong> \u00e0 hauteur de 33%. Dans le m\u00eame plafond global de d\u00e9penses de 500 \u20ac par salari\u00e9<\/li>\n<li>Le CSE subventionne \u00e9galement <strong>les abonnements presse, revue<\/strong> \u00e0 hauteur de 33%. Dans le m\u00eame plafond global de d\u00e9penses de 500 \u20ac par salari\u00e9<\/li>\n<\/ul>\n<p>&nbsp;<\/p>\n<p>&nbsp;<\/p>\n<p>&nbsp;<\/p>\n<p>&nbsp;<\/p>\n","protected":false},"excerpt":{"rendered":"<p>Subvention Th\u00e9\u00e2tre et Presse Le CSE subventionne les abonnements culturels \u00e0\u00a033 %,\u00a0\u00e0 hauteur de\u00a0 500 \u20ac max, soit une subvention de 165 \u20ac max. La subvention est accord\u00e9e au salari\u00e9, [&hellip;]<\/p>\n","protected":false},"author":2,"featured_media":0,"parent":162,"menu_order":1,"comment_status":"open","ping_status":"open","template":"","meta":{"footnotes":""},"class_list":["post-640","page","type-page","status-publish","hentry"],"publishpress_future_action":{"enabled":false,"date":"2026-05-08 03:29:06","action":"change-status","newStatus":"draft","terms":[],"taxonomy":"category","extraData":[]},"publishpress_future_workflow_manual_trigger":{"enabledWorkflows":[]},"_links":{"self":[{"href":"https:\/\/www.ce-illkirch.fr\/wordpress\/wp-json\/wp\/v2\/pages\/640","targetHints":{"allow":["GET"]}}],"collection":[{"href":"https:\/\/www.ce-illkirch.fr\/wordpress\/wp-json\/wp\/v2\/pages"}],"about":[{"href":"https:\/\/www.ce-illkirch.fr\/wordpress\/wp-json\/wp\/v2\/types\/page"}],"author":[{"embeddable":true,"href":"https:\/\/www.ce-illkirch.fr\/wordpress\/wp-json\/wp\/v2\/users\/2"}],"replies":[{"embeddable":true,"href":"https:\/\/www.ce-illkirch.fr\/wordpress\/wp-json\/wp\/v2\/comments?post=640"}],"version-history":[{"count":17,"href":"https:\/\/www.ce-illkirch.fr\/wordpress\/wp-json\/wp\/v2\/pages\/640\/revisions"}],"predecessor-version":[{"id":39283,"href":"https:\/\/www.ce-illkirch.fr\/wordpress\/wp-json\/wp\/v2\/pages\/640\/revisions\/39283"}],"up":[{"embeddable":true,"href":"https:\/\/www.ce-illkirch.fr\/wordpress\/wp-json\/wp\/v2\/pages\/162"}],"wp:attachment":[{"href":"https:\/\/www.ce-illkirch.fr\/wordpress\/wp-json\/wp\/v2\/media?parent=640"}],"curies":[{"name":"wp","href":"https:\/\/api.w.org\/{rel}","templated":true}]}}