{"id":7087,"date":"2012-07-12T13:52:51","date_gmt":"2012-07-12T12:52:51","guid":{"rendered":"http:\/\/www.ce-illkirch.fr\/wordpress\/?page_id=7087"},"modified":"2026-01-26T10:33:34","modified_gmt":"2026-01-26T09:33:34","slug":"ludotheque","status":"publish","type":"page","link":"https:\/\/www.ce-illkirch.fr\/wordpress\/bibliotheque-2\/ludotheque\/","title":{"rendered":"Ludoth\u00e8que"},"content":{"rendered":"<h2><img loading=\"lazy\" decoding=\"async\" class=\"wp-image-30743 aligncenter\" src=\"https:\/\/www.ce-illkirch.fr\/wordpress\/wp-content\/uploads\/2022\/07\/wingspan.webp\" alt=\"\" width=\"641\" height=\"641\" \/><\/h2>\n<h2><strong>Pr\u00e9sentation<\/strong><\/h2>\n<p>La ludoth\u00e8que fait partie de la biblioth\u00e8que du CSE ALE d&rsquo;Illkirch.<br \/>\nElle permet aux employ\u00e9s du site (ainsi qu&rsquo;aux salari\u00e9s des soci\u00e9t\u00e9s ext\u00e9rieures cotisant au CSE) d&#8217;emprunter des jeux de soci\u00e9t\u00e9.<br \/>\nIl n&rsquo;y a pas de co\u00fbt d&#8217;emprunt sp\u00e9cifique. Le service est inclus dans celui de la biblioth\u00e8que.<\/p>\n<p><a href=\"https:\/\/www.ce-illkirch.fr\/wordpress\/wp-content\/uploads\/2026\/01\/jeux_bulle.png\"><img loading=\"lazy\" decoding=\"async\" class=\"wp-image-38735 alignleft\" src=\"https:\/\/www.ce-illkirch.fr\/wordpress\/wp-content\/uploads\/2026\/01\/jeux_bulle-300x25.png\" alt=\"\" width=\"396\" height=\"33\" srcset=\"https:\/\/www.ce-illkirch.fr\/wordpress\/wp-content\/uploads\/2026\/01\/jeux_bulle-300x25.png 300w, https:\/\/www.ce-illkirch.fr\/wordpress\/wp-content\/uploads\/2026\/01\/jeux_bulle-728x61.png 728w, https:\/\/www.ce-illkirch.fr\/wordpress\/wp-content\/uploads\/2026\/01\/jeux_bulle-110x9.png 110w, https:\/\/www.ce-illkirch.fr\/wordpress\/wp-content\/uploads\/2026\/01\/jeux_bulle-420x35.png 420w, https:\/\/www.ce-illkirch.fr\/wordpress\/wp-content\/uploads\/2026\/01\/jeux_bulle.png 737w\" sizes=\"auto, (max-width: 396px) 100vw, 396px\" \/><\/a>N&rsquo;h\u00e9sitez pas \u00e0 vous abonner \u00e0 notre chaine Rainbow (<strong>Ludoth\u00e8que Illkirch<\/strong>) pour suivre l&rsquo;actualit\u00e9 (notamment les annonces des jeux pr\u00e9sent\u00e9s toutes les semaines ou presque).<\/p>\n<p>Ainsi qu&rsquo;\u00e0 notre bulle Rainbow (<a href=\"https:\/\/meet.openrainbow.com\/db2a5796504f41bda2f09ce3b6663f73\">https:\/\/meet.openrainbow.com\/db2a5796504f41bda2f09ce3b6663f73<\/a>) qui permet d&rsquo;\u00e9changer sur la ludoth\u00e8que et les jeux en g\u00e9n\u00e9ral.<\/p>\n<p>&nbsp;<\/p>\n<h2><strong>Fonctionnement<\/strong><\/h2>\n<p>Afin de pouvoir emprunter des jeux, il convient d&rsquo;\u00eatre inscrit \u00e0 la biblioth\u00e8que.<\/p>\n<p>Les emprunts et les retours s&rsquo;effectuent du lundi au vendredi entre 12h30 et 14h.<\/p>\n<p>Les jeux rendus incomplets ou d\u00e9t\u00e9rior\u00e9s seront factur\u00e9s \u00e0 l&#8217;emprunteur (valeur \u00e0 neuf du jeu ou, \u00e0 d\u00e9faut si le jeu n&rsquo;est plus commercialis\u00e9, prix d&rsquo;un jeu neuf de m\u00eame calibre).<\/p>\n<h2><strong>Horaires et lieu<\/strong><\/h2>\n<p><strong>au CSE de 12h30 \u00e0 14h00<br \/>\n<\/strong><\/p>\n<h2><strong>Contacts et suggestions<\/strong><\/h2>\n<p>N&rsquo;h\u00e9sitez pas \u00e0 nous poser vos questions, sugg\u00e9rer de nouveaux jeux ou demander des conseils pour vos achats personnels.<\/p>\n<p>Si vous voulez vous d\u00e9barrasser des jeux qui encombrent vos placards, nous acceptons avec plaisir les dons. Ainsi, ils auront une deuxi\u00e8me vie ici.<\/p>\n<h2><strong>Liens<\/strong><\/h2>\n<p>La r\u00e9f\u00e9rence francophone des jeux de soci\u00e9t\u00e9s: <a href=\"http:\/\/www.trictrac.net\">Tric-Trac<\/a><\/p>\n<p>La r\u00e9f\u00e9rence anglophone des jeux de soci\u00e9t\u00e9: <a href=\"http:\/\/boardgamegeek.com\">Boardgamegeek<\/a><\/p>\n<h2><strong>Liste des jeux<\/strong><\/h2>\n<p><a href=\"https:\/\/www.ce-illkirch.fr\/wordpress\/wp-content\/uploads\/2025\/02\/liste_jeux.txt\"><strong>La liste des jeux de la Ludoth\u00e8que<\/strong><\/a><\/p>\n<p><strong>Contact : <\/strong>S\u00e9bastien Ehrhard \/ Sylvain Port<\/p>\n<p>&nbsp;<\/p>\n<p><strong>\u00a0<\/strong><\/p>\n","protected":false},"excerpt":{"rendered":"<p>Pr\u00e9sentation La ludoth\u00e8que fait partie de la biblioth\u00e8que du CSE ALE d&rsquo;Illkirch. Elle permet aux employ\u00e9s du site (ainsi qu&rsquo;aux salari\u00e9s des soci\u00e9t\u00e9s ext\u00e9rieures cotisant au CSE) d&#8217;emprunter des jeux [&hellip;]<\/p>\n","protected":false},"author":12,"featured_media":26286,"parent":70,"menu_order":0,"comment_status":"open","ping_status":"closed","template":"","meta":{"footnotes":""},"class_list":["post-7087","page","type-page","status-publish","has-post-thumbnail","hentry"],"publishpress_future_action":{"enabled":false,"date":"2026-05-07 11:35:29","action":"change-status","newStatus":"draft","terms":[],"taxonomy":"category","extraData":[]},"publishpress_future_workflow_manual_trigger":{"enabledWorkflows":[]},"_links":{"self":[{"href":"https:\/\/www.ce-illkirch.fr\/wordpress\/wp-json\/wp\/v2\/pages\/7087","targetHints":{"allow":["GET"]}}],"collection":[{"href":"https:\/\/www.ce-illkirch.fr\/wordpress\/wp-json\/wp\/v2\/pages"}],"about":[{"href":"https:\/\/www.ce-illkirch.fr\/wordpress\/wp-json\/wp\/v2\/types\/page"}],"author":[{"embeddable":true,"href":"https:\/\/www.ce-illkirch.fr\/wordpress\/wp-json\/wp\/v2\/users\/12"}],"replies":[{"embeddable":true,"href":"https:\/\/www.ce-illkirch.fr\/wordpress\/wp-json\/wp\/v2\/comments?post=7087"}],"version-history":[{"count":23,"href":"https:\/\/www.ce-illkirch.fr\/wordpress\/wp-json\/wp\/v2\/pages\/7087\/revisions"}],"predecessor-version":[{"id":38737,"href":"https:\/\/www.ce-illkirch.fr\/wordpress\/wp-json\/wp\/v2\/pages\/7087\/revisions\/38737"}],"up":[{"embeddable":true,"href":"https:\/\/www.ce-illkirch.fr\/wordpress\/wp-json\/wp\/v2\/pages\/70"}],"wp:featuredmedia":[{"embeddable":true,"href":"https:\/\/www.ce-illkirch.fr\/wordpress\/wp-json\/wp\/v2\/media\/26286"}],"wp:attachment":[{"href":"https:\/\/www.ce-illkirch.fr\/wordpress\/wp-json\/wp\/v2\/media?parent=7087"}],"curies":[{"name":"wp","href":"https:\/\/api.w.org\/{rel}","templated":true}]}}