{"id":725,"date":"2011-07-26T14:24:51","date_gmt":"2011-07-26T13:24:51","guid":{"rendered":"http:\/\/www.ce-illkirch.fr\/wordpress\/?page_id=725"},"modified":"2023-09-10T06:43:26","modified_gmt":"2023-09-10T04:43:26","slug":"peinture","status":"publish","type":"page","link":"https:\/\/www.ce-illkirch.fr\/wordpress\/bricotheque\/peinture\/","title":{"rendered":"Peinture"},"content":{"rendered":"<p><strong><a href=\"http:\/\/www.ce-illkirch.fr\/wordpress\/wp-content\/uploads\/peinture.jpg\"><img loading=\"lazy\" decoding=\"async\" class=\"alignleft size-thumbnail wp-image-3435\" title=\"peinture\" src=\"http:\/\/www.ce-illkirch.fr\/wordpress\/wp-content\/uploads\/peinture-150x150.jpg\" alt=\"\" width=\"150\" height=\"150\" \/><\/a>\u00a0 Ci-dessous le mat\u00e9riel propos\u00e9 pour <span style=\"color: #ff0000;\" data-mce-mark=\"1\">Peinture<\/span><\/strong><\/p>\n<p>Tarif par p\u00e9riode : du vendredi au mercredi, du mercredi au vendredi, du vendredi au lundi.<\/p>\n<p>&nbsp;<\/p>\n\n<table id=\"tablepress-7\" class=\"tablepress tablepress-id-7\">\n<thead>\n<tr class=\"row-1\">\n\t<th class=\"column-1\">PEINTURE<\/th><th class=\"column-2\">Tarif<\/th><th class=\"column-3\">Notice-article<\/th>\n<\/tr>\n<\/thead>\n<tbody class=\"row-striping row-hover\">\n<tr class=\"row-2\">\n\t<td class=\"column-1\">DECAPEUR THERMIQUE<\/td><td class=\"column-2\">1<\/td><td class=\"column-3\"><\/td>\n<\/tr>\n<tr class=\"row-3\">\n\t<td class=\"column-1\">DECOLLEUSE PAPIER PEINT <\/td><td class=\"column-2\">3<\/td><td class=\"column-3\"><\/td>\n<\/tr>\n<tr class=\"row-4\">\n\t<td class=\"column-1\">ECHAFFAUDAGE 3 M<\/td><td class=\"column-2\">4<\/td><td class=\"column-3\"><\/td>\n<\/tr>\n<tr class=\"row-5\">\n\t<td class=\"column-1\">ECHELLE D'ESCALIER<\/td><td class=\"column-2\">4<\/td><td class=\"column-3\"><\/td>\n<\/tr>\n<tr class=\"row-6\">\n\t<td class=\"column-1\">TABLE A TAPISSER \/  KIT A TAPISSER<\/td><td class=\"column-2\">2<\/td><td class=\"column-3\"><\/td>\n<\/tr>\n<\/tbody>\n<\/table>\n\n","protected":false},"excerpt":{"rendered":"<p>\u00a0 Ci-dessous le mat\u00e9riel propos\u00e9 pour Peinture Tarif par p\u00e9riode : du vendredi au mercredi, du mercredi au vendredi, du vendredi au lundi. &nbsp;<\/p>\n","protected":false},"author":2,"featured_media":0,"parent":68,"menu_order":0,"comment_status":"open","ping_status":"open","template":"","meta":{"footnotes":""},"class_list":["post-725","page","type-page","status-publish","hentry"],"publishpress_future_action":{"enabled":false,"date":"2026-05-21 15:11:02","action":"change-status","newStatus":"draft","terms":[],"taxonomy":"category","extraData":[]},"publishpress_future_workflow_manual_trigger":{"enabledWorkflows":[]},"_links":{"self":[{"href":"https:\/\/www.ce-illkirch.fr\/wordpress\/wp-json\/wp\/v2\/pages\/725","targetHints":{"allow":["GET"]}}],"collection":[{"href":"https:\/\/www.ce-illkirch.fr\/wordpress\/wp-json\/wp\/v2\/pages"}],"about":[{"href":"https:\/\/www.ce-illkirch.fr\/wordpress\/wp-json\/wp\/v2\/types\/page"}],"author":[{"embeddable":true,"href":"https:\/\/www.ce-illkirch.fr\/wordpress\/wp-json\/wp\/v2\/users\/2"}],"replies":[{"embeddable":true,"href":"https:\/\/www.ce-illkirch.fr\/wordpress\/wp-json\/wp\/v2\/comments?post=725"}],"version-history":[{"count":15,"href":"https:\/\/www.ce-illkirch.fr\/wordpress\/wp-json\/wp\/v2\/pages\/725\/revisions"}],"predecessor-version":[{"id":33767,"href":"https:\/\/www.ce-illkirch.fr\/wordpress\/wp-json\/wp\/v2\/pages\/725\/revisions\/33767"}],"up":[{"embeddable":true,"href":"https:\/\/www.ce-illkirch.fr\/wordpress\/wp-json\/wp\/v2\/pages\/68"}],"wp:attachment":[{"href":"https:\/\/www.ce-illkirch.fr\/wordpress\/wp-json\/wp\/v2\/media?parent=725"}],"curies":[{"name":"wp","href":"https:\/\/api.w.org\/{rel}","templated":true}]}}