{"id":73,"date":"2010-01-24T23:13:55","date_gmt":"2010-01-24T22:13:55","guid":{"rendered":"http:\/\/www.ce-illkirch.fr\/wordpress\/?page_id=73"},"modified":"2023-01-13T13:30:42","modified_gmt":"2023-01-13T12:30:42","slug":"club_sportif","status":"publish","type":"page","link":"https:\/\/www.ce-illkirch.fr\/wordpress\/club_sportif\/","title":{"rendered":"Club Sportif &#8211; ASALI"},"content":{"rendered":"<p style=\"text-align: justify;\">ASALI, c&rsquo;est le Club Sportif\u00a0 d&rsquo;ALE Illkirch. C&rsquo;est aussi le meilleur moyen d\u2019\u00e9quilibrer sa vie professionnelle et sportive.\u00a0 Suivez les News et liens ci-dessous pour rencontrer les sportifs de votre entreprise.<\/p>\n<p>Pour les salari\u00e9s ext\u00e9rieurs, vous pouvez acc\u00e9der aux diff\u00e9rents entrainements moyennant une cotisation annuelle (renseignements au CSE).<\/p>\n","protected":false},"excerpt":{"rendered":"<p>ASALI, c&rsquo;est le Club Sportif\u00a0 d&rsquo;ALE Illkirch. C&rsquo;est aussi le meilleur moyen d\u2019\u00e9quilibrer sa vie professionnelle et sportive.\u00a0 Suivez les News et liens ci-dessous pour rencontrer les sportifs de votre [&hellip;]<\/p>\n","protected":false},"author":7,"featured_media":0,"parent":0,"menu_order":17,"comment_status":"closed","ping_status":"open","template":"","meta":{"footnotes":""},"class_list":["post-73","page","type-page","status-publish","hentry"],"publishpress_future_action":{"enabled":false,"date":"2026-05-08 08:39:48","action":"change-status","newStatus":"draft","terms":[],"taxonomy":"category","extraData":[]},"publishpress_future_workflow_manual_trigger":{"enabledWorkflows":[]},"_links":{"self":[{"href":"https:\/\/www.ce-illkirch.fr\/wordpress\/wp-json\/wp\/v2\/pages\/73","targetHints":{"allow":["GET"]}}],"collection":[{"href":"https:\/\/www.ce-illkirch.fr\/wordpress\/wp-json\/wp\/v2\/pages"}],"about":[{"href":"https:\/\/www.ce-illkirch.fr\/wordpress\/wp-json\/wp\/v2\/types\/page"}],"author":[{"embeddable":true,"href":"https:\/\/www.ce-illkirch.fr\/wordpress\/wp-json\/wp\/v2\/users\/7"}],"replies":[{"embeddable":true,"href":"https:\/\/www.ce-illkirch.fr\/wordpress\/wp-json\/wp\/v2\/comments?post=73"}],"version-history":[{"count":5,"href":"https:\/\/www.ce-illkirch.fr\/wordpress\/wp-json\/wp\/v2\/pages\/73\/revisions"}],"predecessor-version":[{"id":32139,"href":"https:\/\/www.ce-illkirch.fr\/wordpress\/wp-json\/wp\/v2\/pages\/73\/revisions\/32139"}],"wp:attachment":[{"href":"https:\/\/www.ce-illkirch.fr\/wordpress\/wp-json\/wp\/v2\/media?parent=73"}],"curies":[{"name":"wp","href":"https:\/\/api.w.org\/{rel}","templated":true}]}}

<p style="text-align: justify;">ASALI, c&rsquo;est le Club Sportif  d&rsquo;ALE Illkirch. C&rsquo;est aussi le meilleur moyen d’équilibrer sa vie professionnelle et sportive.  Suivez les News et liens ci-dessous pour rencontrer les sportifs de votre entreprise.</p>
<p>Pour les salariés extérieurs, vous pouvez accéder aux différents entrainements moyennant une cotisation annuelle (renseignements au CSE).</p>

<p>ASALI, c&rsquo;est le Club Sportif  d&rsquo;ALE Illkirch. C&rsquo;est aussi le meilleur moyen d’équilibrer sa vie professionnelle et sportive.  Suivez les News et liens ci-dessous pour rencontrer les sportifs de votre [&hellip;]</p>
