{"id":778,"date":"2014-01-13T16:00:26","date_gmt":"2014-01-13T15:00:26","guid":{"rendered":"http:\/\/www.ce-illkirch.fr\/wordpress\/?page_id=778"},"modified":"2023-09-10T06:33:46","modified_gmt":"2023-09-10T04:33:46","slug":"loisirs-video_photo","status":"publish","type":"page","link":"https:\/\/www.ce-illkirch.fr\/wordpress\/bricotheque\/loisirs-video_photo\/","title":{"rendered":"Loisirs &#038; vid\u00e9o_photo"},"content":{"rendered":"<p><strong><a href=\"https:\/\/www.ce-illkirch.fr\/wordpress\/wp-content\/uploads\/greenshot_2011-02-02_18-28-03.jpg\"><img loading=\"lazy\" decoding=\"async\" class=\"alignleft size-thumbnail wp-image-3588\" title=\"loisirs\" src=\"https:\/\/www.ce-illkirch.fr\/wordpress\/wp-content\/uploads\/greenshot_2011-02-02_18-28-03-150x150.jpg\" alt=\"\" width=\"150\" height=\"150\" \/><\/a>Ci-dessous le mat\u00e9riel propos\u00e9 pour <span style=\"color: #ff0000;\">Loisirs &amp; vid\u00e9o_photo. <\/span><\/strong><\/p>\n<p style=\"text-align: left;\"><strong>\u00a0 le lundi, mercredi et vendredi de 13 h \u00e0 13 h 20, pour v\u00e9rifier la disponibilit\u00e9 du mat\u00e9riel.<\/strong><\/p>\n<p style=\"text-align: left;\"><span style=\"text-decoration: underline;\"> Tarif par p\u00e9riode<\/span> : du vendredi au mercredi, du mercredi au vendredi, du vendredi au lundi.<\/p>\n<p>&nbsp;<\/p>\n\n<table id=\"tablepress-4\" class=\"tablepress tablepress-id-4\">\n<thead>\n<tr class=\"row-1\">\n\t<th class=\"column-1\">LOISIRS<\/th><th class=\"column-2\">Tarif<\/th><th class=\"column-3\">Notice-article<\/th>\n<\/tr>\n<\/thead>\n<tbody class=\"row-striping row-hover\">\n<tr class=\"row-2\">\n\t<td class=\"column-1\">CAMERA SPORTIVE GoPro<\/td><td class=\"column-2\">12<\/td><td class=\"column-3\"><a href=\"https:\/\/aleinternational.sharepoint.com\/sites\/bricotheque\/_layouts\/15\/guestaccess.aspx?share=EU27jZYDDoBOt13vq6yF9uUB39keEX5eq8kR2uCP0Lgs2Q&amp;e=4ftqWh\">GoPro<\/a><\/td>\n<\/tr>\n<tr class=\"row-3\">\n\t<td class=\"column-1\">ECRAN VIDEO<\/td><td class=\"column-2\">2<\/td><td class=\"column-3\"><\/td>\n<\/tr>\n<tr class=\"row-4\">\n\t<td class=\"column-1\">ENSEMBLE DE SONO petit mod\u00e8le (200 Watts)<\/td><td class=\"column-2\">30<\/td><td class=\"column-3\"><a href=\"https:\/\/aleinternational.sharepoint.com\/sites\/bricotheque\/_layouts\/15\/guestaccess.aspx?share=EY0JQ_GQMuFNl45k0WHefNkBzkmAZq3R9liLYvrli0P9rA\">Sono<\/a><a href=\"https:\/\/aleinternational.sharepoint.com\/sites\/bricotheque\/_layouts\/15\/guestaccess.aspx?share=EVMemYaSrv5Cq2LvdJhKGj0BMzpo-_BMuJr_H5ilkGiDHg\" style=\"margin-left: 10px;\">Manuel Sono<\/a><\/td>\n<\/tr>\n<tr class=\"row-5\">\n\t<td class=\"column-1\">JEU DE LUMIERES: atom led<\/td><td class=\"column-2\">1<\/td><td class=\"column-3\"><a href=\"https:\/\/aleinternational.sharepoint.com\/:b:\/s\/bricotheque\/ETIm-3Egq7BGjFM6cjwjGvABSevcUYRBDwgmmMw7SsKrsQ?e=LH4Qxh\">notice atom led<\/a><\/td>\n<\/tr>\n<tr class=\"row-6\">\n\t<td class=\"column-1\">JEU DE LUMIERES: barre lumiere noire<\/td><td class=\"column-2\">1<\/td><td class=\"column-3\"><a href=\"https:\/\/aleinternational.sharepoint.com\/:b:\/s\/bricotheque\/EYnqljYEb8BDg_2OLcYX-uQBclZhjxtJNWFPxwkl91Wl3w?e=cN09wt\">notice barre lumiere noire<\/a><\/td>\n<\/tr>\n<tr class=\"row-7\">\n\t<td class=\"column-1\">JEU DE LUMIERES: disco 300<\/td><td class=\"column-2\">1<\/td><td class=\"column-3\"><a href=\"https:\/\/aleinternational.sharepoint.com\/:b:\/s\/bricotheque\/EdfR69yygpNEtaqgJiOw4R8Bl0YSvI3g0cv48xv2dXwNaw?e=Kbnh89\">notice disco 300<\/a><\/td>\n<\/tr>\n<tr class=\"row-8\">\n\t<td class=\"column-1\">JEU DE LUMIERES: disco 600<\/td><td class=\"column-2\">1<\/td><td class=\"column-3\"><a href=\"https:\/\/aleinternational.sharepoint.com\/:b:\/s\/bricotheque\/EaEz-u4DROJKgV1mZQnmzm8BE6QNgBliTszzFpUktuwiFg?e=4kfKaC\">notice disco 600<\/a><\/td>\n<\/tr>\n<tr class=\"row-9\">\n\t<td class=\"column-1\">JEU DE LUMIERES: laser<\/td><td class=\"column-2\">1<\/td><td class=\"column-3\"><a href=\"https:\/\/aleinternational.sharepoint.com\/:b:\/s\/bricotheque\/EQX6gOnmfkVIteBXFQ8FMdABIGljJ487jc5f7B5lLwsGjQ?e=ZJWl8H\">notice laser<\/a><\/td>\n<\/tr>\n<tr class=\"row-10\">\n\t<td class=\"column-1\">JEU DE LUMIERES: machine a fum\u00e9e<\/td><td class=\"column-2\">1<\/td><td class=\"column-3\"><a href=\"https:\/\/aleinternational.sharepoint.com\/:b:\/s\/bricotheque\/EeWTGVXS3m9Ou_5J61EbPFIB6HbElQLFRnG3xJVv1_nHPw?e=Rov290\">notice machine a fum\u00e9e<\/a><\/td>\n<\/tr>\n<tr class=\"row-11\">\n\t<td class=\"column-1\">JEU DE LUMIERES: moonflower<\/td><td class=\"column-2\">1<\/td><td class=\"column-3\"><a href=\"https:\/\/aleinternational.sharepoint.com\/:b:\/s\/bricotheque\/EfDlklKOr6dGuLqzX3rCUXkBd8cXP5RKtw48XRcYuFcVfw?e=S6tN3P\">notice moonflower<\/a><\/td>\n<\/tr>\n<tr class=\"row-12\">\n\t<td class=\"column-1\">JEU DE LUMIERES: projecteur mini mega<\/td><td class=\"column-2\">1<\/td><td class=\"column-3\"><a href=\"https:\/\/aleinternational.sharepoint.com\/:b:\/s\/bricotheque\/Eb1LTKaUpGxBtYCCUo79thkBLP6xV9EcqU5zvgUMmeOxSQ?e=2UVx54\">notice projecteur mini mega<\/a><\/td>\n<\/tr>\n<tr class=\"row-13\">\n\t<td class=\"column-1\">JEU DE LUMIERES: stroboscope<\/td><td class=\"column-2\">1<\/td><td class=\"column-3\"><a href=\"https:\/\/aleinternational.sharepoint.com\/:b:\/s\/bricotheque\/EW7hciyZ_ghAnuRLUq0SY9wBlF50Ky2QaiFZDOU6AiFVdw?e=pScR24\">notice stroboscope<\/a><\/td>\n<\/tr>\n<tr class=\"row-14\">\n\t<td class=\"column-1\">MACHINE A COUDRE + 1\u20ac la canette<\/td><td class=\"column-2\">4<\/td><td class=\"column-3\"><a href=\"https:\/\/aleinternational.sharepoint.com\/sites\/bricotheque\/_layouts\/15\/guestaccess.aspx?share=EYDy7DNnpRpJhcxIDXuVjUkBciUE3pGYxiq72C59sc-J5Q\">Machine \u00e0 coudre<\/a><a href=\"https:\/\/aleinternational.sharepoint.com\/sites\/bricotheque\/_layouts\/15\/guestaccess.aspx?share=EdW_3qvYBohOjsJ0MtAtkjYBwH4fIzy06yktXc8ormm9SA\" style=\"margin-left: 10px;\">Manuel Machine \u00e0 coudre<\/a><\/td>\n<\/tr>\n<tr class=\"row-15\">\n\t<td class=\"column-1\">MICRO HF <\/td><td class=\"column-2\">5<\/td><td class=\"column-3\"><\/td>\n<\/tr>\n<tr class=\"row-16\">\n\t<td class=\"column-1\">RAQUETTES ADULTES<\/td><td class=\"column-2\">1<\/td><td class=\"column-3\"><a href=\"https:\/\/aleinternational.sharepoint.com\/sites\/bricotheque\/_layouts\/15\/guestaccess.aspx?share=EWWs0mfujfFGrqzDadcUu9MBbX3hW0JBeh5qnZDHuxoe7w&amp;e=5VX2fX\">Raquettes<\/a><\/td>\n<\/tr>\n<tr class=\"row-17\">\n\t<td class=\"column-1\">RAQUETTES ENFANTS (> TAILLE 34) <\/td><td class=\"column-2\">1<\/td><td class=\"column-3\"><\/td>\n<\/tr>\n<tr class=\"row-18\">\n\t<td class=\"column-1\">TABLE PLIANTE ET 2 BANCS<\/td><td class=\"column-2\">3<\/td><td class=\"column-3\"><a href=\"https:\/\/aleinternational.sharepoint.com\/sites\/bricotheque\/_layouts\/15\/guestaccess.aspx?share=EckSUlJt5ntIivIq5gZokB4B94IuP4eD0WRbYTcvjfYzhQ&amp;e=6qmWVi\">Table et bancs<\/a><\/td>\n<\/tr>\n<tr class=\"row-19\">\n\t<td class=\"column-1\">VIDEOPROJECTEUR (181 cm x 108 cm)<\/td><td class=\"column-2\">15<\/td><td class=\"column-3\"><\/td>\n<\/tr>\n<\/tbody>\n<\/table>\n<!-- #tablepress-4 from cache -->\n<p>&nbsp;<\/p>\n","protected":false},"excerpt":{"rendered":"<p>Ci-dessous le mat\u00e9riel propos\u00e9 pour Loisirs &amp; vid\u00e9o_photo. \u00a0 le lundi, mercredi et vendredi de 13 h \u00e0 13 h 20, pour v\u00e9rifier la disponibilit\u00e9 du mat\u00e9riel. Tarif par p\u00e9riode [&hellip;]<\/p>\n","protected":false},"author":2,"featured_media":0,"parent":68,"menu_order":0,"comment_status":"open","ping_status":"open","template":"","meta":{"footnotes":""},"class_list":["post-778","page","type-page","status-publish","hentry"],"publishpress_future_action":{"enabled":false,"date":"2026-05-08 19:29:50","action":"change-status","newStatus":"draft","terms":[],"taxonomy":"category","extraData":[]},"publishpress_future_workflow_manual_trigger":{"enabledWorkflows":[]},"_links":{"self":[{"href":"https:\/\/www.ce-illkirch.fr\/wordpress\/wp-json\/wp\/v2\/pages\/778","targetHints":{"allow":["GET"]}}],"collection":[{"href":"https:\/\/www.ce-illkirch.fr\/wordpress\/wp-json\/wp\/v2\/pages"}],"about":[{"href":"https:\/\/www.ce-illkirch.fr\/wordpress\/wp-json\/wp\/v2\/types\/page"}],"author":[{"embeddable":true,"href":"https:\/\/www.ce-illkirch.fr\/wordpress\/wp-json\/wp\/v2\/users\/2"}],"replies":[{"embeddable":true,"href":"https:\/\/www.ce-illkirch.fr\/wordpress\/wp-json\/wp\/v2\/comments?post=778"}],"version-history":[{"count":19,"href":"https:\/\/www.ce-illkirch.fr\/wordpress\/wp-json\/wp\/v2\/pages\/778\/revisions"}],"predecessor-version":[{"id":33762,"href":"https:\/\/www.ce-illkirch.fr\/wordpress\/wp-json\/wp\/v2\/pages\/778\/revisions\/33762"}],"up":[{"embeddable":true,"href":"https:\/\/www.ce-illkirch.fr\/wordpress\/wp-json\/wp\/v2\/pages\/68"}],"wp:attachment":[{"href":"https:\/\/www.ce-illkirch.fr\/wordpress\/wp-json\/wp\/v2\/media?parent=778"}],"curies":[{"name":"wp","href":"https:\/\/api.w.org\/{rel}","templated":true}]}}