{"id":888,"date":"2019-09-27T13:00:42","date_gmt":"2019-09-27T11:00:42","guid":{"rendered":"http:\/\/www.ce-illkirch.fr\/wordpress\/?page_id=888"},"modified":"2025-03-13T11:45:27","modified_gmt":"2025-03-13T10:45:27","slug":"reglement","status":"publish","type":"page","link":"https:\/\/www.ce-illkirch.fr\/wordpress\/bibliotheque-2\/reglement\/","title":{"rendered":"R\u00e8glement"},"content":{"rendered":"<p>R\u00c9GLEMENT DE LA BIBLIOTH\u00c8QUE<\/p>\n<p><strong>Article 1 : Statut<\/strong><\/p>\n<p>La commission biblioth\u00e8que offre \u00e0 toute personne adh\u00e9rant au CSE ALE un service de pr\u00eat gratuit de livres, p\u00e9riodiques, CD-audio et DVD.<\/p>\n<p><strong>Article 2 : Inscription<\/strong><\/p>\n<p>Tous les membres de la commission sont habilit\u00e9s \u00e0 enregistrer une nouvelle inscription. Lors de cette inscription, la personne doit pr\u00e9senter son badge d\u2019acc\u00e8s au site. <strong>Toute<\/strong> <strong>personne hors ALE <\/strong>(entreprise ext\u00e9rieure, retrait\u00e9, \u2026) ainsi que les salari\u00e9s ALE dont le ch\u00e8que de No\u00ebl a \u00e9t\u00e9 retenu, doivent d\u00e9poser <strong>un ch\u00e8que de caution<\/strong>* dat\u00e9.<\/p>\n<p><strong>Toute personne hors ALE<\/strong> doit verser une cotisation .<\/p>\n<p>* Caution : livres + p\u00e9riodiques + kamishiba\u00ef + CD-audio + DVD : 150 Euros.<\/p>\n<p><strong>Article 3 : Prolongation et cl\u00f4ture d&rsquo;un compte<\/strong><\/p>\n<p>Lors de la cl\u00f4ture d&rsquo;un compte, <strong>le ch\u00e8que de caution sera rendu si tous les articles ont bien \u00e9t\u00e9 restitu\u00e9s.<\/strong><\/p>\n<p>Pour une prolongation de compte pour les personnes hors CDI ALE (ch\u00e8que p\u00e9rim\u00e9, renouvellement de contrat, \u2026), une nouvelle inscription doit \u00eatre remplie et un nouveau ch\u00e8que de caution d\u00e9pos\u00e9.<\/p>\n<p>En cas de non-renouvellement, le compte est bloqu\u00e9.<\/p>\n<p><strong>Article 4 : Pr\u00eats<\/strong><\/p>\n<p>La biblioth\u00e8que propose pour une dur\u00e9e <strong>d&rsquo;un mois<\/strong> <strong>maximum (sauf nouveaut\u00e9s : une semaine maximum\u00a0!) <\/strong>le pr\u00eat gratuit de :<\/p>\n<p>&#8211;\u00a0\u00a0\u00a0\u00a0\u00a0 10 livres ou p\u00e9riodiques,<\/p>\n<p>&#8211;\u00a0\u00a0\u00a0\u00a0\u00a0 5 CD-audio,<\/p>\n<p>&#8211;\u00a0\u00a0\u00a0\u00a0\u00a0 2 DVD,<\/p>\n<p>&#8211;\u00a0\u00a0\u00a0\u00a0\u00a0 1 kamishiba\u00ef (petit th\u00e9\u00e2tre japonais).<\/p>\n<p>Parmi les CD-audio et DVD, il est possible d&#8217;emprunter 1 article \u00ab\u00a0nouveaut\u00e9\u00a0\u00bb pour une dur\u00e9e de 7 jours maximum.<\/p>\n<p>Parmi les p\u00e9riodiques, le num\u00e9ro en cours est \u00e0 consulter sur place, except\u00e9 les p\u00e9riodiques destin\u00e9s aux enfants qui peuvent \u00eatre emprunt\u00e9s tout de suite.<\/p>\n<p>Il est possible de prolonger la dur\u00e9e du pr\u00eat dans la mesure o\u00f9 les articles ne sont ni r\u00e9serv\u00e9s, ni en nouveaut\u00e9.<\/p>\n<p>Pour cela, il suffit de ramener les articles \u00e0 la biblioth\u00e8que pour r\u00e9enregistrement.<\/p>\n<p><strong>Aucun emprunt ne peut \u00eatre effectu\u00e9 s&rsquo;il reste un article en retard.<\/strong><\/p>\n<p>Tout usager s&rsquo;engage \u00e0 suivre les consignes de \u00ab\u00a0bon usage\u00a0\u00bb suivantes :<\/p>\n<p>&#8211;\u00a0\u00a0\u00a0\u00a0\u00a0 les livres, les CD-audio et les DVD sont rendus propres, sans rayures,<\/p>\n<p>&#8211;\u00a0\u00a0\u00a0\u00a0\u00a0 un article retourn\u00e9 incomplet sera refus\u00e9,<\/p>\n<p>&#8211;\u00a0\u00a0\u00a0\u00a0\u00a0 chaque utilisateur doit signaler les anomalies de fonctionnement (CD-audio et DVD) lors du retour de l&rsquo;article.<\/p>\n<p><strong>Article 5 : R\u00e9servation<\/strong><\/p>\n<p>Les usagers ont la possibilit\u00e9 de r\u00e9server tout document. Toutefois, les nouveaut\u00e9s DVD ne pourront \u00eatre r\u00e9serv\u00e9es, afin de permettre aux usagers de la biblioth\u00e8que d&rsquo;avoir acc\u00e8s aux nouveaut\u00e9s dans des d\u00e9lais raisonnables. Un document disponible ne peut faire l&rsquo;objet d&rsquo;une r\u00e9servation. <strong>Toute r\u00e9servation non retir\u00e9e une semaine apr\u00e8s que l&rsquo;adh\u00e9rent ait \u00e9t\u00e9 pr\u00e9venu sera caduque.<\/strong><\/p>\n<p><strong>\u00a0<\/strong><\/p>\n<p><strong>Article 6 : Suggestions<\/strong><\/p>\n<p>Les usagers peuvent soumettre des suggestions d&rsquo;achat \u00e0 la Commission Biblioth\u00e8que par mail : <a href=\"mailto:suggestionsbibliothequeillkirch@al-enterprise.com\">suggestionsbibliothequeillkirch@al-enterprise.com<\/a><\/p>\n<p><strong>Article 7 : Droits d&rsquo;auteur<\/strong><\/p>\n<p>L&rsquo;usager s&rsquo;engage \u00e0 respecter le contrat de licence des CD-audio et DVD emprunt\u00e9s et la l\u00e9gislation en vigueur concernant les droits d&rsquo;auteur. La duplication est interdite par la loi et peut entra\u00eener des poursuites judiciaires.<\/p>\n<p><strong>Article 8 : Remplacement d&rsquo;article<\/strong><\/p>\n<p>En cas <strong>de casse, de perte, de vol ou de d\u00e9g\u00e2ts <\/strong>irr\u00e9m\u00e9diables sur un article, l&rsquo;usager s&rsquo;engage \u00e0 racheter le m\u00eame article ou \u00e0 le rembourser en fonction de sa valeur actuelle dans le commerce.<\/p>\n<p><strong>Article 9 : Gestion des retards<\/strong><\/p>\n<p><strong>Tout retard est signal\u00e9 <\/strong>\u00e0 l&rsquo;usager par mail (ou courrier pour les adh\u00e9rents qui ne disposent pas de mail). Une semaine apr\u00e8s ce mail, <strong>le compte est bloqu\u00e9 <\/strong>jusqu&rsquo;\u00e0 restitution du ou des articles en retard.<\/p>\n<p>Si apr\u00e8s le <strong>deuxi\u00e8me rappel courrier <\/strong>l&rsquo;adh\u00e9rent ne rend pas ses articles dans le d\u00e9lai d&rsquo;une semaine :<\/p>\n<p>&#8211;\u00a0\u00a0\u00a0\u00a0\u00a0 Personne en CDI ALE : <strong>restriction <\/strong>de l\u2019acc\u00e8s aux diff\u00e9rents services du comit\u00e9 d\u2019\u00e9tablissement (bricoth\u00e8que, billetterie, service voyage, \u2026) et <strong>r\u00e9tention du ch\u00e8que<\/strong> <strong>cadeau CSE <\/strong>de fin d&rsquo;ann\u00e9e, jusqu\u2019\u00e0 restitution ou remboursement de tous les articles. En cas de non restitution ou remboursement, le ch\u00e8que cadeau est encaiss\u00e9. Cette interdiction est signifi\u00e9e \u00e0 l\u2019adh\u00e9rent par courrier. Ces personnes devront se r\u00e9inscrire en d\u00e9posant un ch\u00e8que de caution de 150 Euros.<\/p>\n<p>&#8211;\u00a0\u00a0\u00a0\u00a0\u00a0 Autre : <strong>le ch\u00e8que de caution est encaiss\u00e9 <\/strong>(comme sp\u00e9cifi\u00e9 dans le courrier).<\/p>\n<p><strong>Article 10<\/strong><\/p>\n<p>Le pr\u00e9sent r\u00e8glement doit \u00eatre lu, approuv\u00e9 et sign\u00e9 par chaque emprunteur lors de l&rsquo;inscription.<\/p>\n<p><strong>Article 11<\/strong><\/p>\n<p>Ce r\u00e8glement est affich\u00e9 en biblioth\u00e8que et consultable sur le site du CSE. Toute modification sera port\u00e9e \u00e0 la connaissance des utilisateurs par ces m\u00eames moyens.<\/p>\n","protected":false},"excerpt":{"rendered":"<p>R\u00c9GLEMENT DE LA BIBLIOTH\u00c8QUE Article 1 : Statut La commission biblioth\u00e8que offre \u00e0 toute personne adh\u00e9rant au CSE ALE un service de pr\u00eat gratuit de livres, p\u00e9riodiques, CD-audio et DVD. [&hellip;]<\/p>\n","protected":false},"author":2,"featured_media":0,"parent":70,"menu_order":0,"comment_status":"closed","ping_status":"closed","template":"","meta":{"footnotes":""},"class_list":["post-888","page","type-page","status-publish","hentry"],"publishpress_future_action":{"enabled":false,"date":"2026-05-17 14:30:12","action":"change-status","newStatus":"draft","terms":[],"taxonomy":"category","extraData":[]},"publishpress_future_workflow_manual_trigger":{"enabledWorkflows":[]},"_links":{"self":[{"href":"https:\/\/www.ce-illkirch.fr\/wordpress\/wp-json\/wp\/v2\/pages\/888","targetHints":{"allow":["GET"]}}],"collection":[{"href":"https:\/\/www.ce-illkirch.fr\/wordpress\/wp-json\/wp\/v2\/pages"}],"about":[{"href":"https:\/\/www.ce-illkirch.fr\/wordpress\/wp-json\/wp\/v2\/types\/page"}],"author":[{"embeddable":true,"href":"https:\/\/www.ce-illkirch.fr\/wordpress\/wp-json\/wp\/v2\/users\/2"}],"replies":[{"embeddable":true,"href":"https:\/\/www.ce-illkirch.fr\/wordpress\/wp-json\/wp\/v2\/comments?post=888"}],"version-history":[{"count":4,"href":"https:\/\/www.ce-illkirch.fr\/wordpress\/wp-json\/wp\/v2\/pages\/888\/revisions"}],"predecessor-version":[{"id":36936,"href":"https:\/\/www.ce-illkirch.fr\/wordpress\/wp-json\/wp\/v2\/pages\/888\/revisions\/36936"}],"up":[{"embeddable":true,"href":"https:\/\/www.ce-illkirch.fr\/wordpress\/wp-json\/wp\/v2\/pages\/70"}],"wp:attachment":[{"href":"https:\/\/www.ce-illkirch.fr\/wordpress\/wp-json\/wp\/v2\/media?parent=888"}],"curies":[{"name":"wp","href":"https:\/\/api.w.org\/{rel}","templated":true}]}}