{"id":38527,"date":"2025-12-09T11:23:29","date_gmt":"2025-12-09T10:23:29","guid":{"rendered":"https:\/\/www.ce-illkirch.fr\/wordpress\/?post_type=tribe_events&#038;p=38527"},"modified":"2025-12-09T11:23:29","modified_gmt":"2025-12-09T10:23:29","slug":"melodies-du-cinema-ops","status":"publish","type":"tribe_events","link":"https:\/\/www.ce-illkirch.fr\/wordpress\/event\/melodies-du-cinema-ops\/","title":{"rendered":"M\u00e9lodies du cin\u00e9ma OPS"},"content":{"rendered":"<blockquote class=\"wp-embedded-content\" data-secret=\"lJXagJKpGY\"><p><a href=\"https:\/\/www.ce-illkirch.fr\/wordpress\/2025\/12\/loisirs\/melodies-du-cinema-a-lops-le-28-04\/\">M\u00e9lodies du cin\u00e9ma \u00e0 l&rsquo;OPS le 28\/04<\/a><\/p><\/blockquote>\n<p><iframe loading=\"lazy\" class=\"wp-embedded-content\" sandbox=\"allow-scripts\" security=\"restricted\" style=\"position: absolute; visibility: hidden;\" title=\"\u00ab\u00a0M\u00e9lodies du cin\u00e9ma \u00e0 l&rsquo;OPS le 28\/04\u00a0\u00bb &#8212; Comit\u00e9 Social et Economique ALE Illkirch\" src=\"https:\/\/www.ce-illkirch.fr\/wordpress\/2025\/12\/loisirs\/melodies-du-cinema-a-lops-le-28-04\/embed\/#?secret=vDa587QHWy#?secret=lJXagJKpGY\" data-secret=\"lJXagJKpGY\" width=\"600\" height=\"338\" frameborder=\"0\" marginwidth=\"0\" marginheight=\"0\" scrolling=\"no\"><\/iframe><\/p>\n","protected":false},"excerpt":{"rendered":"<p>M\u00e9lodies du cin\u00e9ma \u00e0 l&rsquo;OPS le 28\/04<\/p>\n","protected":false},"author":2,"featured_media":0,"template":"","meta":{"_tribe_events_status":"","_tribe_events_status_reason":"","footnotes":""},"tags":[],"tribe_events_cat":[],"class_list":["post-38527","tribe_events","type-tribe_events","status-publish","hentry"],"publishpress_future_workflow_manual_trigger":{"enabledWorkflows":[]},"_links":{"self":[{"href":"https:\/\/www.ce-illkirch.fr\/wordpress\/wp-json\/wp\/v2\/tribe_events\/38527","targetHints":{"allow":["GET"]}}],"collection":[{"href":"https:\/\/www.ce-illkirch.fr\/wordpress\/wp-json\/wp\/v2\/tribe_events"}],"about":[{"href":"https:\/\/www.ce-illkirch.fr\/wordpress\/wp-json\/wp\/v2\/types\/tribe_events"}],"author":[{"embeddable":true,"href":"https:\/\/www.ce-illkirch.fr\/wordpress\/wp-json\/wp\/v2\/users\/2"}],"version-history":[{"count":1,"href":"https:\/\/www.ce-illkirch.fr\/wordpress\/wp-json\/wp\/v2\/tribe_events\/38527\/revisions"}],"predecessor-version":[{"id":38528,"href":"https:\/\/www.ce-illkirch.fr\/wordpress\/wp-json\/wp\/v2\/tribe_events\/38527\/revisions\/38528"}],"wp:attachment":[{"href":"https:\/\/www.ce-illkirch.fr\/wordpress\/wp-json\/wp\/v2\/media?parent=38527"}],"wp:term":[{"taxonomy":"post_tag","embeddable":true,"href":"https:\/\/www.ce-illkirch.fr\/wordpress\/wp-json\/wp\/v2\/tags?post=38527"},{"taxonomy":"tribe_events_cat","embeddable":true,"href":"https:\/\/www.ce-illkirch.fr\/wordpress\/wp-json\/wp\/v2\/tribe_events_cat?post=38527"}],"curies":[{"name":"wp","href":"https:\/\/api.w.org\/{rel}","templated":true}]}}

Mélodies du cinéma OPS

<blockquote class="wp-embedded-content" data-secret="lJXagJKpGY"><p><a href="https://www.ce-illkirch.fr/wordpress/2025/12/loisirs/melodies-du-cinema-a-lops-le-28-04/">Mélodies du cinéma à l&rsquo;OPS le 28/04</a></p></blockquote>
<p><iframe loading="lazy" class="wp-embedded-content" sandbox="allow-scripts" security="restricted" style="position: absolute; visibility: hidden;" title="« Mélodies du cinéma à l&rsquo;OPS le 28/04 » &#8212; Comité Social et Economique ALE Illkirch" src="https://www.ce-illkirch.fr/wordpress/2025/12/loisirs/melodies-du-cinema-a-lops-le-28-04/embed/#?secret=vDa587QHWy#?secret=lJXagJKpGY" data-secret="lJXagJKpGY" width="600" height="338" frameborder="0" marginwidth="0" marginheight="0" scrolling="no"></iframe></p>

<p>Mélodies du cinéma à l&rsquo;OPS le 28/04</p>
